{"id":13,"date":"2014-02-25T12:44:32","date_gmt":"2014-02-25T12:44:32","guid":{"rendered":"https:\/\/ascensoresruiz.net\/?page_id=13"},"modified":"2024-02-05T12:07:07","modified_gmt":"2024-02-05T12:07:07","slug":"empreses-ascensors","status":"publish","type":"page","link":"https:\/\/ascensoresruiz.net\/val\/empreses-ascensors\/","title":{"rendered":"Historia"},"content":{"rendered":"<p><img loading=\"lazy\" decoding=\"async\" class=\"hello\" style=\"padding: 20px;\" src=\"https:\/\/ascensoresruiz.net\/val\/wp-content\/uploads\/2024\/02\/historia_empreses_de_ascensores.jpg\" alt=\"empreses d'ascensores\" width=\"350\" height=\"526\" align=\"left\" \/><\/p>\n<h1>Hist\u00f2ria<\/h1>\n<p class=\"p1\"><span class=\"s1\">L\u2019exist\u00e8ncia de Talleres Ruiz data de l\u2019any 1905, configurant-se com a una de les millors <b>empreses d\u2019ascensors<\/b> de Val\u00e8ncia l\u2019any 1931.<\/span><\/p>\n<p class=\"p2\"><span class=\"s1\">Des d\u2019aleshores, mantenint-se en tot moment com a negoci familiar, Ascensores Ruiz s\u2019ha anat adaptant i estructurant per a donar una resposta adequada tant als canvis evolutius de les normatives corresponents del sector, com a les transformacions tecnol\u00f2giques, productives i socioecon\u00f2miques del nostre entorn. Tot a\u00e7\u00f2 conservant sempre com a patrimoni de cultura d\u2019empresa els principis de formaci\u00f3, de qualitat, de seguretat i d\u2019atenci\u00f3 al client.<\/span><\/p>\n<h2>Empresa d\u2019ascensors<\/h2>\n<p class=\"p2\"><span class=\"s1\">L\u2019evoluci\u00f3 tecnol\u00f2gica i productiva de l\u2019empresa sota la perspectiva hist\u00f2rica que ens ofereix el dilatat per\u00edode d\u2019activitat empresarial s\u2019inicia com a \u00fanic patrimoni, l\u2019esperit de sacrifici, treball i imaginaci\u00f3.<\/span><\/p>\n<p class=\"p2\"><span class=\"s1\">La normalitzaci\u00f3 estandarditzada de s\u00e8ries en la fabricaci\u00f3 era impossible, la construcci\u00f3 de m\u00e0quines, guies, conductors el\u00e8ctrics, els quadres de maniobra, les cabines, etc., tot estava supeditat a la disponibilitat de mat\u00e8ria prima del moment (recordem la situaci\u00f3 d\u2019Espanya en aquells anys). Arribat el per\u00edode de la guerra civil en el nostre pa\u00eds, 1936-1939, l\u2019economia productiva es paralitza i, per tant, l\u2019oferiment dels nostres fabricats no \u00e9s ali\u00e9 a la conjuntura. \u00c9s per aix\u00f2 que es decideix la diversificaci\u00f3 de productes, dissenyant i construint grups electr\u00f2gens de generaci\u00f3 de corrent, ja que les restriccions d\u2019energia implantades exercien una demanda d\u2019aquest producte.<\/span><\/p>\n<p class=\"p2\"><span class=\"s1\">Una vegada acabada la contesa civil, comen\u00e7a la posterior etapa d\u2019a\u00efllament internacional en la qual l\u2019escassesa de mat\u00e8ries primeres fa impossible la recuperaci\u00f3 econ\u00f2mica empresarial.<\/span><\/p>\n<p class=\"p2\"><span class=\"s1\">L\u2019inici de l\u2019embranzida econ\u00f2mica, malgrat tot, no es produeix fins a la d\u00e8cada dels anys 60, quan l\u2019obertura internacional i l\u2019entrada del turisme milloren el nivell de vida de la nostra societat, generen la construcci\u00f3 de vivendes i, com a conseq\u00fc\u00e8ncia, la instal\u00b7laci\u00f3 d\u2019ascensors, la qual cosa provoca les inversions en maquin\u00e0ria i en recursos humans per a l\u2019augment de la producci\u00f3.<\/span><\/p>\n<p class=\"p2\"><span class=\"s1\">En la nostra <b>empresa d\u2019ascensors<\/b> es continua la pol\u00edtica de fabricaci\u00f3 de tots els elements que componien un aparell elevador i amb la cont\u00ednua formaci\u00f3 dels nostres treballadors, ja que de forma regular s\u2019ampliava la plantilla en les seccions de producci\u00f3 i d\u2019administraci\u00f3. Amb l\u2019entrada en la comunitat europea, la pol\u00edtica de fabricaci\u00f3 de la nostra organitzaci\u00f3 es reestructura assumint la nova situaci\u00f3, ja que la disponibilitat de nous components fabricats en grans s\u00e8ries i la conseg\u00fcent especialitzaci\u00f3 de l\u2019empresa auxiliar d\u2019aparells elevadors augmenta de manera considerable la qualitat i la diversificaci\u00f3 dels ascensors.<\/span><\/p>\n<p class=\"p2\"><span class=\"s1\">Amb aquesta nova situaci\u00f3 decidim centrar la fabricaci\u00f3 en el disseny de cabines i quadres de maniobra, components que entenem que transmeten i imprimeixen la personalitat de la nostra empresa. Dels components anomenats, les maniobres reben una atenci\u00f3 major, ja que per la seua naturalesa i tecnologia evolucionen amb m\u00e9s rapidesa. Aix\u00ed, incorporem l\u2019aut\u00f2mat programable a les maniobres, de manera que evitem la depend\u00e8ncia en aquesta mat\u00e8ria amb altres empreses en aquest producte tan evolutiu.<\/span><\/p>\n<p class=\"p2\"><span class=\"s1\">L\u2019any 1994, despr\u00e9s d\u2019assistir al seminari sobre qualitat i producci\u00f3 en <b>empreses d\u2019ascensors a Val\u00e8ncia<\/b> organitzat per la Federaci\u00f3 Empresarial d\u2019Ascensors, comprenem la necessitat de donar-li un nou impuls a la nostra organitzaci\u00f3 en aquesta mat\u00e8ria, ja que coincideix amb l\u2019aprovaci\u00f3 per part del Parlament Europeu de la directiva espec\u00edfica per a ascensors.<\/span><\/p>\n<p class=\"p2\"><span class=\"s1\">Aix\u00ed com la data de 1905, que marca l\u2019inici de la nostra organitzaci\u00f3, la tenim incorporada en tots els documents, la del 30 de juny de 1994 tots els que componem el factor hum\u00e0 de la companyia la tenim present. Fou aleshores quan la direcci\u00f3 convoc\u00e0 en assemblea general tots els integrants de la plantilla per a comunicar la seua decisi\u00f3 irrenunciable d\u2019establir la pol\u00edtica de qualitat, les directrius i els procediments necessaris, i incorporar-los a l\u2019organitzaci\u00f3 per tal de complir l\u2019est\u00e0ndard une-en-iso 9001-94.<\/span><\/p>\n<p class=\"p2\"><span class=\"s1\">No s\u00e9 si aquest \u00e9s el document apropiat per al reconeixement i el respecte personals, per\u00f2 la hist\u00f2ria de la nostra empresa, per molt resumida que f\u00f3ra i per lleialtat, no pot deixar de recordar les grans persones que tingueren l\u2019ocasi\u00f3 i la decisi\u00f3 de fer possible la longevitat d\u2019Ascensores Ruiz.<\/span><\/p>\n<p class=\"p2\"><span class=\"s1\">Des de don Vicente Ruiz Pla com a fundador, don Vicente i don Jos\u00e9 Ruiz Peris com a continuadors i iniciadors en el sector de l\u2019ascensor; fins als treballadors que incorporant-se com a aprenents arribaren a l\u2019edat de jubilaci\u00f3 en la nostra empresa com don Vicente Cortes, don Vicente Aleixandre, don \u00c1ngel L\u00f3pez i don Luis Merelo i Mas, enginyer col\u00b7laborador responsable t\u00e8cnic del primer ascensor constru\u00eft i instal\u00b7lat per la nostra empresa en el carrer Ribiera 15, actualment 13, de Val\u00e8ncia. A tots els prove\u00efdors que feren i fan possibles els nostres compromisos amb els clients. I, \u00e9s clar, a tots els nostres clients, fidels i incondicionals, que possibiliten les nostres renovacions il\u00b7lusionants, que fan complir el nostre objectiu continu i final que \u00e9s la seua satisfacci\u00f3.\u00a0<\/span><\/p>\n<p class=\"p2\"><span class=\"s1\">SIGNAT: Jos\u00e9 Ruiz Navarro (3\u00aa Generaci\u00f3)<\/span><\/p>\n","protected":false},"excerpt":{"rendered":"<p>Hist\u00f2ria L\u2019exist\u00e8ncia de Talleres Ruiz data de l\u2019any 1905, configurant-se com a una de les millors empreses d\u2019ascensors de Val\u00e8ncia l\u2019any 1931. Des d\u2019aleshores, mantenint-se en tot moment com a negoci familiar, Ascensores Ruiz s\u2019ha anat adaptant i estructurant per a donar una resposta adequada tant als canvis evolutius de les normatives corresponents del sector, [&hellip;]<\/p>\n","protected":false},"author":1,"featured_media":0,"parent":0,"menu_order":0,"comment_status":"closed","ping_status":"open","template":"","meta":{"_bbp_topic_count":0,"_bbp_reply_count":0,"_bbp_total_topic_count":0,"_bbp_total_reply_count":0,"_bbp_voice_count":0,"_bbp_anonymous_reply_count":0,"_bbp_topic_count_hidden":0,"_bbp_reply_count_hidden":0,"_bbp_forum_subforum_count":0,"footnotes":""},"class_list":["post-13","page","type-page","status-publish","hentry"],"yoast_head":"<!-- This site is optimized with the Yoast SEO plugin v26.5 - https:\/\/yoast.com\/wordpress\/plugins\/seo\/ -->\n<title>Empreses d&#039;ascensores a Val\u00e8ncia<\/title>\n<meta name=\"description\" content=\"L&#039;exist\u00e8ncia de Talleres Ruiz data de l&#039;any 1905 i es configura com una de les millors empreses d&#039;ascensors de Val\u00e8ncia el 1931.\" \/>\n<meta name=\"robots\" content=\"index, follow, max-snippet:-1, max-image-preview:large, max-video-preview:-1\" \/>\n<link rel=\"canonical\" href=\"https:\/\/ascensoresruiz.net\/val\/empreses-ascensors\/\" \/>\n<meta property=\"og:locale\" content=\"es_ES\" \/>\n<meta property=\"og:type\" content=\"article\" \/>\n<meta property=\"og:title\" content=\"Empreses d&#039;ascensores a Val\u00e8ncia\" \/>\n<meta property=\"og:description\" content=\"L&#039;exist\u00e8ncia de Talleres Ruiz data de l&#039;any 1905 i es configura com una de les millors empreses d&#039;ascensors de Val\u00e8ncia el 1931.\" \/>\n<meta property=\"og:url\" content=\"https:\/\/ascensoresruiz.net\/val\/empreses-ascensors\/\" \/>\n<meta property=\"og:site_name\" content=\"Ascensores Ruiz\" \/>\n<meta property=\"article:publisher\" content=\"https:\/\/www.facebook.com\/pages\/Ascensores-Ruiz\/575215262553822?ref=hl\" \/>\n<meta property=\"article:modified_time\" content=\"2024-02-05T12:07:07+00:00\" \/>\n<meta property=\"og:image\" content=\"https:\/\/ascensoresruiz.net\/val\/wp-content\/uploads\/2024\/02\/historia_empreses_de_ascensores.jpg\" \/>\n<meta name=\"twitter:label1\" content=\"Tiempo de lectura\" \/>\n\t<meta name=\"twitter:data1\" content=\"4 minutos\" \/>\n<script type=\"application\/ld+json\" class=\"yoast-schema-graph\">{\"@context\":\"https:\/\/schema.org\",\"@graph\":[{\"@type\":\"WebPage\",\"@id\":\"https:\/\/ascensoresruiz.net\/val\/empreses-ascensors\/\",\"url\":\"https:\/\/ascensoresruiz.net\/val\/empreses-ascensors\/\",\"name\":\"Empreses d'ascensores a Val\u00e8ncia\",\"isPartOf\":{\"@id\":\"https:\/\/ascensoresruiz.net\/val\/#website\"},\"primaryImageOfPage\":{\"@id\":\"https:\/\/ascensoresruiz.net\/val\/empreses-ascensors\/#primaryimage\"},\"image\":{\"@id\":\"https:\/\/ascensoresruiz.net\/val\/empreses-ascensors\/#primaryimage\"},\"thumbnailUrl\":\"https:\/\/ascensoresruiz.net\/val\/wp-content\/uploads\/2024\/02\/historia_empreses_de_ascensores.jpg\",\"datePublished\":\"2014-02-25T12:44:32+00:00\",\"dateModified\":\"2024-02-05T12:07:07+00:00\",\"description\":\"L'exist\u00e8ncia de Talleres Ruiz data de l'any 1905 i es configura com una de les millors empreses d'ascensors de Val\u00e8ncia el 1931.\",\"breadcrumb\":{\"@id\":\"https:\/\/ascensoresruiz.net\/val\/empreses-ascensors\/#breadcrumb\"},\"inLanguage\":\"es\",\"potentialAction\":[{\"@type\":\"ReadAction\",\"target\":[\"https:\/\/ascensoresruiz.net\/val\/empreses-ascensors\/\"]}]},{\"@type\":\"ImageObject\",\"inLanguage\":\"es\",\"@id\":\"https:\/\/ascensoresruiz.net\/val\/empreses-ascensors\/#primaryimage\",\"url\":\"https:\/\/ascensoresruiz.net\/val\/wp-content\/uploads\/2024\/02\/historia_empreses_de_ascensores.jpg\",\"contentUrl\":\"https:\/\/ascensoresruiz.net\/val\/wp-content\/uploads\/2024\/02\/historia_empreses_de_ascensores.jpg\",\"width\":350,\"height\":526,\"caption\":\"historia empreses de ascensores\"},{\"@type\":\"BreadcrumbList\",\"@id\":\"https:\/\/ascensoresruiz.net\/val\/empreses-ascensors\/#breadcrumb\",\"itemListElement\":[{\"@type\":\"ListItem\",\"position\":1,\"name\":\"Home\",\"item\":\"https:\/\/ascensoresruiz.net\/val\/\"},{\"@type\":\"ListItem\",\"position\":2,\"name\":\"Historia\"}]},{\"@type\":\"WebSite\",\"@id\":\"https:\/\/ascensoresruiz.net\/val\/#website\",\"url\":\"https:\/\/ascensoresruiz.net\/val\/\",\"name\":\"Ascensores Ruiz\",\"description\":\"M\u00e9s de 100 anys treballant amb ascensors a Val\u00e8ncia\",\"publisher\":{\"@id\":\"https:\/\/ascensoresruiz.net\/val\/#organization\"},\"alternateName\":\"Ascensores Ruiz\",\"potentialAction\":[{\"@type\":\"SearchAction\",\"target\":{\"@type\":\"EntryPoint\",\"urlTemplate\":\"https:\/\/ascensoresruiz.net\/val\/?s={search_term_string}\"},\"query-input\":{\"@type\":\"PropertyValueSpecification\",\"valueRequired\":true,\"valueName\":\"search_term_string\"}}],\"inLanguage\":\"es\"},{\"@type\":\"Organization\",\"@id\":\"https:\/\/ascensoresruiz.net\/val\/#organization\",\"name\":\"Ascensores Ruiz\",\"alternateName\":\"Ascensores Ruiz\",\"url\":\"https:\/\/ascensoresruiz.net\/val\/\",\"logo\":{\"@type\":\"ImageObject\",\"inLanguage\":\"es\",\"@id\":\"https:\/\/ascensoresruiz.net\/val\/#\/schema\/logo\/image\/\",\"url\":\"https:\/\/ascensoresruiz.net\/val\/wp-content\/uploads\/2025\/12\/ascensores_ruiz_net_logo.webp\",\"contentUrl\":\"https:\/\/ascensoresruiz.net\/val\/wp-content\/uploads\/2025\/12\/ascensores_ruiz_net_logo.webp\",\"width\":125,\"height\":163,\"caption\":\"Ascensores Ruiz\"},\"image\":{\"@id\":\"https:\/\/ascensoresruiz.net\/val\/#\/schema\/logo\/image\/\"},\"sameAs\":[\"https:\/\/www.facebook.com\/pages\/Ascensores-Ruiz\/575215262553822?ref=hl\",\"https:\/\/www.linkedin.com\/company\/ascensores-valencia-ruiz\/\"]}]}<\/script>\n<!-- \/ Yoast SEO plugin. -->","yoast_head_json":{"title":"Empreses d'ascensores a Val\u00e8ncia","description":"L'exist\u00e8ncia de Talleres Ruiz data de l'any 1905 i es configura com una de les millors empreses d'ascensors de Val\u00e8ncia el 1931.","robots":{"index":"index","follow":"follow","max-snippet":"max-snippet:-1","max-image-preview":"max-image-preview:large","max-video-preview":"max-video-preview:-1"},"canonical":"https:\/\/ascensoresruiz.net\/val\/empreses-ascensors\/","og_locale":"es_ES","og_type":"article","og_title":"Empreses d'ascensores a Val\u00e8ncia","og_description":"L'exist\u00e8ncia de Talleres Ruiz data de l'any 1905 i es configura com una de les millors empreses d'ascensors de Val\u00e8ncia el 1931.","og_url":"https:\/\/ascensoresruiz.net\/val\/empreses-ascensors\/","og_site_name":"Ascensores Ruiz","article_publisher":"https:\/\/www.facebook.com\/pages\/Ascensores-Ruiz\/575215262553822?ref=hl","article_modified_time":"2024-02-05T12:07:07+00:00","og_image":[{"url":"https:\/\/ascensoresruiz.net\/val\/wp-content\/uploads\/2024\/02\/historia_empreses_de_ascensores.jpg","type":"","width":"","height":""}],"twitter_misc":{"Tiempo de lectura":"4 minutos"},"schema":{"@context":"https:\/\/schema.org","@graph":[{"@type":"WebPage","@id":"https:\/\/ascensoresruiz.net\/val\/empreses-ascensors\/","url":"https:\/\/ascensoresruiz.net\/val\/empreses-ascensors\/","name":"Empreses d'ascensores a Val\u00e8ncia","isPartOf":{"@id":"https:\/\/ascensoresruiz.net\/val\/#website"},"primaryImageOfPage":{"@id":"https:\/\/ascensoresruiz.net\/val\/empreses-ascensors\/#primaryimage"},"image":{"@id":"https:\/\/ascensoresruiz.net\/val\/empreses-ascensors\/#primaryimage"},"thumbnailUrl":"https:\/\/ascensoresruiz.net\/val\/wp-content\/uploads\/2024\/02\/historia_empreses_de_ascensores.jpg","datePublished":"2014-02-25T12:44:32+00:00","dateModified":"2024-02-05T12:07:07+00:00","description":"L'exist\u00e8ncia de Talleres Ruiz data de l'any 1905 i es configura com una de les millors empreses d'ascensors de Val\u00e8ncia el 1931.","breadcrumb":{"@id":"https:\/\/ascensoresruiz.net\/val\/empreses-ascensors\/#breadcrumb"},"inLanguage":"es","potentialAction":[{"@type":"ReadAction","target":["https:\/\/ascensoresruiz.net\/val\/empreses-ascensors\/"]}]},{"@type":"ImageObject","inLanguage":"es","@id":"https:\/\/ascensoresruiz.net\/val\/empreses-ascensors\/#primaryimage","url":"https:\/\/ascensoresruiz.net\/val\/wp-content\/uploads\/2024\/02\/historia_empreses_de_ascensores.jpg","contentUrl":"https:\/\/ascensoresruiz.net\/val\/wp-content\/uploads\/2024\/02\/historia_empreses_de_ascensores.jpg","width":350,"height":526,"caption":"historia empreses de ascensores"},{"@type":"BreadcrumbList","@id":"https:\/\/ascensoresruiz.net\/val\/empreses-ascensors\/#breadcrumb","itemListElement":[{"@type":"ListItem","position":1,"name":"Home","item":"https:\/\/ascensoresruiz.net\/val\/"},{"@type":"ListItem","position":2,"name":"Historia"}]},{"@type":"WebSite","@id":"https:\/\/ascensoresruiz.net\/val\/#website","url":"https:\/\/ascensoresruiz.net\/val\/","name":"Ascensores Ruiz","description":"M\u00e9s de 100 anys treballant amb ascensors a Val\u00e8ncia","publisher":{"@id":"https:\/\/ascensoresruiz.net\/val\/#organization"},"alternateName":"Ascensores Ruiz","potentialAction":[{"@type":"SearchAction","target":{"@type":"EntryPoint","urlTemplate":"https:\/\/ascensoresruiz.net\/val\/?s={search_term_string}"},"query-input":{"@type":"PropertyValueSpecification","valueRequired":true,"valueName":"search_term_string"}}],"inLanguage":"es"},{"@type":"Organization","@id":"https:\/\/ascensoresruiz.net\/val\/#organization","name":"Ascensores Ruiz","alternateName":"Ascensores Ruiz","url":"https:\/\/ascensoresruiz.net\/val\/","logo":{"@type":"ImageObject","inLanguage":"es","@id":"https:\/\/ascensoresruiz.net\/val\/#\/schema\/logo\/image\/","url":"https:\/\/ascensoresruiz.net\/val\/wp-content\/uploads\/2025\/12\/ascensores_ruiz_net_logo.webp","contentUrl":"https:\/\/ascensoresruiz.net\/val\/wp-content\/uploads\/2025\/12\/ascensores_ruiz_net_logo.webp","width":125,"height":163,"caption":"Ascensores Ruiz"},"image":{"@id":"https:\/\/ascensoresruiz.net\/val\/#\/schema\/logo\/image\/"},"sameAs":["https:\/\/www.facebook.com\/pages\/Ascensores-Ruiz\/575215262553822?ref=hl","https:\/\/www.linkedin.com\/company\/ascensores-valencia-ruiz\/"]}]}},"_links":{"self":[{"href":"https:\/\/ascensoresruiz.net\/val\/wp-json\/wp\/v2\/pages\/13","targetHints":{"allow":["GET"]}}],"collection":[{"href":"https:\/\/ascensoresruiz.net\/val\/wp-json\/wp\/v2\/pages"}],"about":[{"href":"https:\/\/ascensoresruiz.net\/val\/wp-json\/wp\/v2\/types\/page"}],"author":[{"embeddable":true,"href":"https:\/\/ascensoresruiz.net\/val\/wp-json\/wp\/v2\/users\/1"}],"replies":[{"embeddable":true,"href":"https:\/\/ascensoresruiz.net\/val\/wp-json\/wp\/v2\/comments?post=13"}],"version-history":[{"count":21,"href":"https:\/\/ascensoresruiz.net\/val\/wp-json\/wp\/v2\/pages\/13\/revisions"}],"predecessor-version":[{"id":1012,"href":"https:\/\/ascensoresruiz.net\/val\/wp-json\/wp\/v2\/pages\/13\/revisions\/1012"}],"wp:attachment":[{"href":"https:\/\/ascensoresruiz.net\/val\/wp-json\/wp\/v2\/media?parent=13"}],"curies":[{"name":"wp","href":"https:\/\/api.w.org\/{rel}","templated":true}]}}