{"id":19,"date":"2014-02-25T12:49:18","date_gmt":"2014-02-25T12:49:18","guid":{"rendered":"https:\/\/ascensoresruiz.net\/?page_id=19"},"modified":"2023-05-18T12:01:41","modified_gmt":"2023-05-18T12:01:41","slug":"ascensors-edificis","status":"publish","type":"page","link":"https:\/\/ascensoresruiz.net\/val\/ascensors-edificis\/","title":{"rendered":"Edificis"},"content":{"rendered":"\n<style type=\"text\/css\" data-created_by=\"avia_inline_auto\" id=\"style-css-av-1q4a3-86e06dc2576e8d2f5fa081d9ebe5f587\">\n.avia-section.av-1q4a3-86e06dc2576e8d2f5fa081d9ebe5f587{\nbackground-repeat:no-repeat;\nbackground-image:url(https:\/\/ascensoresruiz.net\/val\/wp-content\/uploads\/2014\/02\/edificios3-1030x343.jpg);\nbackground-position:50% 100%;\nbackground-attachment:scroll;\n}\n<\/style>\n<div id='av_section_1'  class='avia-section av-1q4a3-86e06dc2576e8d2f5fa081d9ebe5f587 main_color avia-section-default avia-no-shadow  avia-builder-el-0  el_before_av_textblock  avia-builder-el-first  avia-bg-style-scroll av-minimum-height av-minimum-height-50 av-height-50  container_wrap sidebar_right'  data-section-bg-repeat='no-repeat' data-av_minimum_height_pc='50' data-av_min_height_opt='50'><div class='container av-section-cont-open' ><main  class='template-page content  av-content-small alpha units'><div class='post-entry post-entry-type-page post-entry-19'><div class='entry-content-wrapper clearfix'><\/div><\/div><\/main><!-- close content main element --><\/div><\/div><div id='after_section_1'  class='main_color av_default_container_wrap container_wrap sidebar_right'  ><div class='container av-section-cont-open' ><div class='template-page content  av-content-small alpha units'><div class='post-entry post-entry-type-page post-entry-19'><div class='entry-content-wrapper clearfix'>\n<section  class='av_textblock_section av-xvov-831c54e40962d43dafd9c2996e702bb8 '  ><div class='avia_textblock' ><h1 class=\"p1\"><span class=\"s1\"><b>Edificis<\/b><\/span><\/h1>\n<p class=\"p2\"><span class=\"s1\">Actualment \u00e9s ja impossible trobar un edifici de nova construcci\u00f3 que no compte amb un o diversos ascensors. I m\u00e9s encara si es tracta d\u2019un edifici de vivendes.<\/span><\/p>\n<p class=\"p2\"><span class=\"s1\">Entre les comunitats de ve\u00efns sempre hi ha alguna persona que, per q\u00fcesti\u00f3 d\u2019edat o d\u2019algun tipus de discapacitat, presenta dificultats per a pujar escales. \u00c9s per aix\u00f2 que la normativa vigent contempla l\u2019obligatorietat d\u2019instal\u00b7lar un ascensor en qualsevol edifici de nova construcci\u00f3, amb la finalitat de garantir l\u2019acc\u00e9s de qualsevol persona a la seua vivenda.<\/span><\/p>\n<h2 class=\"p3\"><span class=\"s1\"><b>Ascensors per a comunitats<\/b><\/span><\/h2>\n<p class=\"p2\"><span class=\"s1\">En Ascensores Ruiz tenim a disposici\u00f3 dels nostres clients tot tipus de solucions per a la instal\u00b7laci\u00f3 d\u2019un ascensor en una comunitat de ve\u00efns.<\/span><\/p>\n<p class=\"p2\"><span class=\"s1\">Per\u00f2, <b>qu\u00e8 succeeix si el nostre edifici \u00e9s de construcci\u00f3 antiga i no t\u00e9 ascensor?<\/b> En aquest cas, la nostra companyia est\u00e0 orgullosa de poder dir que realitzem tota classe de rehabilitacions. A\u00e7\u00f2 \u00e9s, que <b>li assegurem la instal\u00b7laci\u00f3 d\u2019un ascensor per a la seua comunitat incl\u00fas si l\u2019espai de qu\u00e8 disposa \u00e9s m\u00ednim<\/b>. Per aix\u00f2 comptem amb un extens cat\u00e0leg de solucions del qual seleccionarem nom\u00e9s aquelles que millor s\u2019adapten a les circumst\u00e0ncies t\u00e8cniques de l\u2019edifici: des d\u2019<a href=\"https:\/\/ascensoresruiz.net\/panoramicos\/\"><span class=\"s2\">ascensors panor\u00e0mics<\/span><\/a> (el\u00e8ctrics o hidr\u00e0ulics), fins a elevadors sense cambra de m\u00e0quines i energia eficient.<\/span><\/p>\n<p class=\"p2\"><span class=\"s1\">En definitiva, en <b>Ascensores Ruiz<\/b> li aportarem un resultat personalitzat i adaptat a les seues necessitats amb el qual cuidarem tant els aspectes m\u00e9s t\u00e8cnics com els est\u00e8tics.<\/span><\/p>\n<\/div><\/section>\n","protected":false},"excerpt":{"rendered":"","protected":false},"author":1,"featured_media":0,"parent":0,"menu_order":0,"comment_status":"closed","ping_status":"open","template":"","meta":{"_bbp_topic_count":0,"_bbp_reply_count":0,"_bbp_total_topic_count":0,"_bbp_total_reply_count":0,"_bbp_voice_count":0,"_bbp_anonymous_reply_count":0,"_bbp_topic_count_hidden":0,"_bbp_reply_count_hidden":0,"_bbp_forum_subforum_count":0,"footnotes":""},"class_list":["post-19","page","type-page","status-publish","hentry"],"yoast_head":"<!-- This site is optimized with the Yoast SEO plugin v26.5 - https:\/\/yoast.com\/wordpress\/plugins\/seo\/ -->\n<title>Ascensors per a edificis i comunitats<\/title>\n<meta name=\"description\" content=\"A Ascensors Ruiz tenim a disposici\u00f3 dels nostres clients tota mena de solucions per a la instal\u00b7laci\u00f3 d&#039;un ascensor a una comunitat de ve\u00efns.\" \/>\n<meta name=\"robots\" content=\"index, follow, max-snippet:-1, max-image-preview:large, max-video-preview:-1\" \/>\n<link rel=\"canonical\" href=\"https:\/\/ascensoresruiz.net\/val\/ascensors-edificis\/\" \/>\n<meta property=\"og:locale\" content=\"es_ES\" \/>\n<meta property=\"og:type\" content=\"article\" \/>\n<meta property=\"og:title\" content=\"Ascensors per a edificis i comunitats\" \/>\n<meta property=\"og:description\" content=\"A Ascensors Ruiz tenim a disposici\u00f3 dels nostres clients tota mena de solucions per a la instal\u00b7laci\u00f3 d&#039;un ascensor a una comunitat de ve\u00efns.\" \/>\n<meta property=\"og:url\" content=\"https:\/\/ascensoresruiz.net\/val\/ascensors-edificis\/\" \/>\n<meta property=\"og:site_name\" content=\"Ascensores Ruiz\" \/>\n<meta property=\"article:publisher\" content=\"https:\/\/www.facebook.com\/pages\/Ascensores-Ruiz\/575215262553822?ref=hl\" \/>\n<meta property=\"article:modified_time\" content=\"2023-05-18T12:01:41+00:00\" \/>\n<meta property=\"og:image\" content=\"https:\/\/ascensoresruiz.net\/val\/wp-content\/uploads\/2025\/12\/ascensores_ruiz_net_logo.webp\" \/>\n\t<meta property=\"og:image:width\" content=\"125\" \/>\n\t<meta property=\"og:image:height\" content=\"163\" \/>\n\t<meta property=\"og:image:type\" content=\"image\/webp\" \/>\n<meta name=\"twitter:label1\" content=\"Tiempo de lectura\" \/>\n\t<meta name=\"twitter:data1\" content=\"3 minutos\" \/>\n<script type=\"application\/ld+json\" class=\"yoast-schema-graph\">{\"@context\":\"https:\/\/schema.org\",\"@graph\":[{\"@type\":\"WebPage\",\"@id\":\"https:\/\/ascensoresruiz.net\/val\/ascensors-edificis\/\",\"url\":\"https:\/\/ascensoresruiz.net\/val\/ascensors-edificis\/\",\"name\":\"Ascensors per a edificis i comunitats\",\"isPartOf\":{\"@id\":\"https:\/\/ascensoresruiz.net\/val\/#website\"},\"datePublished\":\"2014-02-25T12:49:18+00:00\",\"dateModified\":\"2023-05-18T12:01:41+00:00\",\"description\":\"A Ascensors Ruiz tenim a disposici\u00f3 dels nostres clients tota mena de solucions per a la instal\u00b7laci\u00f3 d'un ascensor a una comunitat de ve\u00efns.\",\"breadcrumb\":{\"@id\":\"https:\/\/ascensoresruiz.net\/val\/ascensors-edificis\/#breadcrumb\"},\"inLanguage\":\"es\",\"potentialAction\":[{\"@type\":\"ReadAction\",\"target\":[\"https:\/\/ascensoresruiz.net\/val\/ascensors-edificis\/\"]}]},{\"@type\":\"BreadcrumbList\",\"@id\":\"https:\/\/ascensoresruiz.net\/val\/ascensors-edificis\/#breadcrumb\",\"itemListElement\":[{\"@type\":\"ListItem\",\"position\":1,\"name\":\"Home\",\"item\":\"https:\/\/ascensoresruiz.net\/val\/\"},{\"@type\":\"ListItem\",\"position\":2,\"name\":\"Edificis\"}]},{\"@type\":\"WebSite\",\"@id\":\"https:\/\/ascensoresruiz.net\/val\/#website\",\"url\":\"https:\/\/ascensoresruiz.net\/val\/\",\"name\":\"Ascensores Ruiz\",\"description\":\"M\u00e9s de 100 anys treballant amb ascensors a Val\u00e8ncia\",\"publisher\":{\"@id\":\"https:\/\/ascensoresruiz.net\/val\/#organization\"},\"alternateName\":\"Ascensores Ruiz\",\"potentialAction\":[{\"@type\":\"SearchAction\",\"target\":{\"@type\":\"EntryPoint\",\"urlTemplate\":\"https:\/\/ascensoresruiz.net\/val\/?s={search_term_string}\"},\"query-input\":{\"@type\":\"PropertyValueSpecification\",\"valueRequired\":true,\"valueName\":\"search_term_string\"}}],\"inLanguage\":\"es\"},{\"@type\":\"Organization\",\"@id\":\"https:\/\/ascensoresruiz.net\/val\/#organization\",\"name\":\"Ascensores Ruiz\",\"alternateName\":\"Ascensores Ruiz\",\"url\":\"https:\/\/ascensoresruiz.net\/val\/\",\"logo\":{\"@type\":\"ImageObject\",\"inLanguage\":\"es\",\"@id\":\"https:\/\/ascensoresruiz.net\/val\/#\/schema\/logo\/image\/\",\"url\":\"https:\/\/ascensoresruiz.net\/val\/wp-content\/uploads\/2025\/12\/ascensores_ruiz_net_logo.webp\",\"contentUrl\":\"https:\/\/ascensoresruiz.net\/val\/wp-content\/uploads\/2025\/12\/ascensores_ruiz_net_logo.webp\",\"width\":125,\"height\":163,\"caption\":\"Ascensores Ruiz\"},\"image\":{\"@id\":\"https:\/\/ascensoresruiz.net\/val\/#\/schema\/logo\/image\/\"},\"sameAs\":[\"https:\/\/www.facebook.com\/pages\/Ascensores-Ruiz\/575215262553822?ref=hl\",\"https:\/\/www.linkedin.com\/company\/ascensores-valencia-ruiz\/\"]}]}<\/script>\n<!-- \/ Yoast SEO plugin. -->","yoast_head_json":{"title":"Ascensors per a edificis i comunitats","description":"A Ascensors Ruiz tenim a disposici\u00f3 dels nostres clients tota mena de solucions per a la instal\u00b7laci\u00f3 d'un ascensor a una comunitat de ve\u00efns.","robots":{"index":"index","follow":"follow","max-snippet":"max-snippet:-1","max-image-preview":"max-image-preview:large","max-video-preview":"max-video-preview:-1"},"canonical":"https:\/\/ascensoresruiz.net\/val\/ascensors-edificis\/","og_locale":"es_ES","og_type":"article","og_title":"Ascensors per a edificis i comunitats","og_description":"A Ascensors Ruiz tenim a disposici\u00f3 dels nostres clients tota mena de solucions per a la instal\u00b7laci\u00f3 d'un ascensor a una comunitat de ve\u00efns.","og_url":"https:\/\/ascensoresruiz.net\/val\/ascensors-edificis\/","og_site_name":"Ascensores Ruiz","article_publisher":"https:\/\/www.facebook.com\/pages\/Ascensores-Ruiz\/575215262553822?ref=hl","article_modified_time":"2023-05-18T12:01:41+00:00","og_image":[{"width":125,"height":163,"url":"https:\/\/ascensoresruiz.net\/val\/wp-content\/uploads\/2025\/12\/ascensores_ruiz_net_logo.webp","type":"image\/webp"}],"twitter_misc":{"Tiempo de lectura":"3 minutos"},"schema":{"@context":"https:\/\/schema.org","@graph":[{"@type":"WebPage","@id":"https:\/\/ascensoresruiz.net\/val\/ascensors-edificis\/","url":"https:\/\/ascensoresruiz.net\/val\/ascensors-edificis\/","name":"Ascensors per a edificis i comunitats","isPartOf":{"@id":"https:\/\/ascensoresruiz.net\/val\/#website"},"datePublished":"2014-02-25T12:49:18+00:00","dateModified":"2023-05-18T12:01:41+00:00","description":"A Ascensors Ruiz tenim a disposici\u00f3 dels nostres clients tota mena de solucions per a la instal\u00b7laci\u00f3 d'un ascensor a una comunitat de ve\u00efns.","breadcrumb":{"@id":"https:\/\/ascensoresruiz.net\/val\/ascensors-edificis\/#breadcrumb"},"inLanguage":"es","potentialAction":[{"@type":"ReadAction","target":["https:\/\/ascensoresruiz.net\/val\/ascensors-edificis\/"]}]},{"@type":"BreadcrumbList","@id":"https:\/\/ascensoresruiz.net\/val\/ascensors-edificis\/#breadcrumb","itemListElement":[{"@type":"ListItem","position":1,"name":"Home","item":"https:\/\/ascensoresruiz.net\/val\/"},{"@type":"ListItem","position":2,"name":"Edificis"}]},{"@type":"WebSite","@id":"https:\/\/ascensoresruiz.net\/val\/#website","url":"https:\/\/ascensoresruiz.net\/val\/","name":"Ascensores Ruiz","description":"M\u00e9s de 100 anys treballant amb ascensors a Val\u00e8ncia","publisher":{"@id":"https:\/\/ascensoresruiz.net\/val\/#organization"},"alternateName":"Ascensores Ruiz","potentialAction":[{"@type":"SearchAction","target":{"@type":"EntryPoint","urlTemplate":"https:\/\/ascensoresruiz.net\/val\/?s={search_term_string}"},"query-input":{"@type":"PropertyValueSpecification","valueRequired":true,"valueName":"search_term_string"}}],"inLanguage":"es"},{"@type":"Organization","@id":"https:\/\/ascensoresruiz.net\/val\/#organization","name":"Ascensores Ruiz","alternateName":"Ascensores Ruiz","url":"https:\/\/ascensoresruiz.net\/val\/","logo":{"@type":"ImageObject","inLanguage":"es","@id":"https:\/\/ascensoresruiz.net\/val\/#\/schema\/logo\/image\/","url":"https:\/\/ascensoresruiz.net\/val\/wp-content\/uploads\/2025\/12\/ascensores_ruiz_net_logo.webp","contentUrl":"https:\/\/ascensoresruiz.net\/val\/wp-content\/uploads\/2025\/12\/ascensores_ruiz_net_logo.webp","width":125,"height":163,"caption":"Ascensores Ruiz"},"image":{"@id":"https:\/\/ascensoresruiz.net\/val\/#\/schema\/logo\/image\/"},"sameAs":["https:\/\/www.facebook.com\/pages\/Ascensores-Ruiz\/575215262553822?ref=hl","https:\/\/www.linkedin.com\/company\/ascensores-valencia-ruiz\/"]}]}},"_links":{"self":[{"href":"https:\/\/ascensoresruiz.net\/val\/wp-json\/wp\/v2\/pages\/19","targetHints":{"allow":["GET"]}}],"collection":[{"href":"https:\/\/ascensoresruiz.net\/val\/wp-json\/wp\/v2\/pages"}],"about":[{"href":"https:\/\/ascensoresruiz.net\/val\/wp-json\/wp\/v2\/types\/page"}],"author":[{"embeddable":true,"href":"https:\/\/ascensoresruiz.net\/val\/wp-json\/wp\/v2\/users\/1"}],"replies":[{"embeddable":true,"href":"https:\/\/ascensoresruiz.net\/val\/wp-json\/wp\/v2\/comments?post=19"}],"version-history":[{"count":15,"href":"https:\/\/ascensoresruiz.net\/val\/wp-json\/wp\/v2\/pages\/19\/revisions"}],"predecessor-version":[{"id":981,"href":"https:\/\/ascensoresruiz.net\/val\/wp-json\/wp\/v2\/pages\/19\/revisions\/981"}],"wp:attachment":[{"href":"https:\/\/ascensoresruiz.net\/val\/wp-json\/wp\/v2\/media?parent=19"}],"curies":[{"name":"wp","href":"https:\/\/api.w.org\/{rel}","templated":true}]}}

<style type="text/css" data-created_by="avia_inline_auto" id="style-css-av-1q4a3-86e06dc2576e8d2f5fa081d9ebe5f587">
.avia-section.av-1q4a3-86e06dc2576e8d2f5fa081d9ebe5f587{
background-repeat:no-repeat;
background-image:url(https://ascensoresruiz.net/val/wp-content/uploads/2014/02/edificios3-1030x343.jpg);
background-position:50% 100%;
background-attachment:scroll;
}
</style>
<div id='av_section_1'  class='avia-section av-1q4a3-86e06dc2576e8d2f5fa081d9ebe5f587 main_color avia-section-default avia-no-shadow  avia-builder-el-0  el_before_av_textblock  avia-builder-el-first  avia-bg-style-scroll av-minimum-height av-minimum-height-50 av-height-50  container_wrap sidebar_right'  data-section-bg-repeat='no-repeat' data-av_minimum_height_pc='50' data-av_min_height_opt='50'><div class='container av-section-cont-open' ><main  class='template-page content  av-content-small alpha units'><div class='post-entry post-entry-type-page post-entry-19'><div class='entry-content-wrapper clearfix'></div></div></main><!-- close content main element --></div></div><div id='after_section_1'  class='main_color av_default_container_wrap container_wrap sidebar_right'  ><div class='container av-section-cont-open' ><div class='template-page content  av-content-small alpha units'><div class='post-entry post-entry-type-page post-entry-19'><div class='entry-content-wrapper clearfix'>
<section  class='av_textblock_section av-xvov-831c54e40962d43dafd9c2996e702bb8 '  ><div class='avia_textblock' ><h1 class="p1"><span class="s1"><b>Edificis</b></span></h1>
<p class="p2"><span class="s1">Actualment és ja impossible trobar un edifici de nova construcció que no compte amb un o diversos ascensors. I més encara si es tracta d’un edifici de vivendes.</span></p>
<p class="p2"><span class="s1">Entre les comunitats de veïns sempre hi ha alguna persona que, per qüestió d’edat o d’algun tipus de discapacitat, presenta dificultats per a pujar escales. És per això que la normativa vigent contempla l’obligatorietat d’instal·lar un ascensor en qualsevol edifici de nova construcció, amb la finalitat de garantir l’accés de qualsevol persona a la seua vivenda.</span></p>
<h2 class="p3"><span class="s1"><b>Ascensors per a comunitats</b></span></h2>
<p class="p2"><span class="s1">En Ascensores Ruiz tenim a disposició dels nostres clients tot tipus de solucions per a la instal·lació d’un ascensor en una comunitat de veïns.</span></p>
<p class="p2"><span class="s1">Però, <b>què succeeix si el nostre edifici és de construcció antiga i no té ascensor?</b> En aquest cas, la nostra companyia està orgullosa de poder dir que realitzem tota classe de rehabilitacions. Açò és, que <b>li assegurem la instal·lació d’un ascensor per a la seua comunitat inclús si l’espai de què disposa és mínim</b>. Per això comptem amb un extens catàleg de solucions del qual seleccionarem només aquelles que millor s’adapten a les circumstàncies tècniques de l’edifici: des d’<a href="https://ascensoresruiz.net/panoramicos/"><span class="s2">ascensors panoràmics</span></a> (elèctrics o hidràulics), fins a elevadors sense cambra de màquines i energia eficient.</span></p>
<p class="p2"><span class="s1">En definitiva, en <b>Ascensores Ruiz</b> li aportarem un resultat personalitzat i adaptat a les seues necessitats amb el qual cuidarem tant els aspectes més tècnics com els estètics.</span></p>
</div></section>

<!-- This site is optimized with the Yoast SEO plugin v26.5 - https://yoast.com/wordpress/plugins/seo/ -->
<title>Ascensors per a edificis i comunitats</title>
<meta name="description" content="A Ascensors Ruiz tenim a disposició dels nostres clients tota mena de solucions per a la instal·lació d&#039;un ascensor a una comunitat de veïns." />
<meta name="robots" content="index, follow, max-snippet:-1, max-image-preview:large, max-video-preview:-1" />
<link rel="canonical" href="https://ascensoresruiz.net/val/ascensors-edificis/" />
<meta property="og:locale" content="es_ES" />
<meta property="og:type" content="article" />
<meta property="og:title" content="Ascensors per a edificis i comunitats" />
<meta property="og:description" content="A Ascensors Ruiz tenim a disposició dels nostres clients tota mena de solucions per a la instal·lació d&#039;un ascensor a una comunitat de veïns." />
<meta property="og:url" content="https://ascensoresruiz.net/val/ascensors-edificis/" />
<meta property="og:site_name" content="Ascensores Ruiz" />
<meta property="article:publisher" content="https://www.facebook.com/pages/Ascensores-Ruiz/575215262553822?ref=hl" />
<meta property="article:modified_time" content="2023-05-18T12:01:41+00:00" />
<meta property="og:image" content="https://ascensoresruiz.net/val/wp-content/uploads/2025/12/ascensores_ruiz_net_logo.webp" />
	<meta property="og:image:width" content="125" />
	<meta property="og:image:height" content="163" />
	<meta property="og:image:type" content="image/webp" />
<meta name="twitter:label1" content="Tiempo de lectura" />
	<meta name="twitter:data1" content="3 minutos" />
<script type="application/ld+json" class="yoast-schema-graph">{"@context":"https://schema.org","@graph":[{"@type":"WebPage","@id":"https://ascensoresruiz.net/val/ascensors-edificis/","url":"https://ascensoresruiz.net/val/ascensors-edificis/","name":"Ascensors per a edificis i comunitats","isPartOf":{"@id":"https://ascensoresruiz.net/val/#website"},"datePublished":"2014-02-25T12:49:18+00:00","dateModified":"2023-05-18T12:01:41+00:00","description":"A Ascensors Ruiz tenim a disposició dels nostres clients tota mena de solucions per a la instal·lació d'un ascensor a una comunitat de veïns.","breadcrumb":{"@id":"https://ascensoresruiz.net/val/ascensors-edificis/#breadcrumb"},"inLanguage":"es","potentialAction":[{"@type":"ReadAction","target":["https://ascensoresruiz.net/val/ascensors-edificis/"]}]},{"@type":"BreadcrumbList","@id":"https://ascensoresruiz.net/val/ascensors-edificis/#breadcrumb","itemListElement":[{"@type":"ListItem","position":1,"name":"Home","item":"https://ascensoresruiz.net/val/"},{"@type":"ListItem","position":2,"name":"Edificis"}]},{"@type":"WebSite","@id":"https://ascensoresruiz.net/val/#website","url":"https://ascensoresruiz.net/val/","name":"Ascensores Ruiz","description":"Més de 100 anys treballant amb ascensors a València","publisher":{"@id":"https://ascensoresruiz.net/val/#organization"},"alternateName":"Ascensores Ruiz","potentialAction":[{"@type":"SearchAction","target":{"@type":"EntryPoint","urlTemplate":"https://ascensoresruiz.net/val/?s={search_term_string}"},"query-input":{"@type":"PropertyValueSpecification","valueRequired":true,"valueName":"search_term_string"}}],"inLanguage":"es"},{"@type":"Organization","@id":"https://ascensoresruiz.net/val/#organization","name":"Ascensores Ruiz","alternateName":"Ascensores Ruiz","url":"https://ascensoresruiz.net/val/","logo":{"@type":"ImageObject","inLanguage":"es","@id":"https://ascensoresruiz.net/val/#/schema/logo/image/","url":"https://ascensoresruiz.net/val/wp-content/uploads/2025/12/ascensores_ruiz_net_logo.webp","contentUrl":"https://ascensoresruiz.net/val/wp-content/uploads/2025/12/ascensores_ruiz_net_logo.webp","width":125,"height":163,"caption":"Ascensores Ruiz"},"image":{"@id":"https://ascensoresruiz.net/val/#/schema/logo/image/"},"sameAs":["https://www.facebook.com/pages/Ascensores-Ruiz/575215262553822?ref=hl","https://www.linkedin.com/company/ascensores-valencia-ruiz/"]}]}</script>
<!-- / Yoast SEO plugin. -->

A Ascensors Ruiz tenim a disposició dels nostres clients tota mena de solucions per a la instal·lació d'un ascensor a una comunitat de veïns.

Més de 100 anys treballant amb ascensors a València
