{"id":30,"date":"2014-02-25T13:04:26","date_gmt":"2014-02-25T13:04:26","guid":{"rendered":"https:\/\/ascensoresruiz.net\/?page_id=30"},"modified":"2022-11-21T10:31:32","modified_gmt":"2022-11-21T10:31:32","slug":"ascensors-domestics","status":"publish","type":"page","link":"https:\/\/ascensoresruiz.net\/val\/ascensors-domestics\/","title":{"rendered":"Dom\u00e8stics"},"content":{"rendered":"<div id=\"margen\"><img loading=\"lazy\" decoding=\"async\" class=\"alignleft size-full wp-image-563\" style=\"padding:20px;\" src=\"https:\/\/ascensoresruiz.net\/val\/wp-content\/uploads\/2014\/02\/domestico11.jpg\" alt=\"ascensors domestics\" width=\"110\" height=\"400\" \/><\/div>\n<h1 class=\"p1\"><span class=\"s1\">Ascensors dom\u00e8stics<\/span><\/h1>\n<h2 class=\"p2\"><span class=\"s1\"><b>Home lift<\/b><\/span><\/h2>\n<p class=\"p3\"><span class=\"s1\">Comoditat, qualitat de vida, seguretat i estil. A\u00e7\u00f2 \u00e9s el que els\u00a0<b>ascensors dom\u00e8stics<\/b> de la nostra empresa deuen aportar als nostres clients.<\/span><\/p>\n<p class=\"p3\"><span class=\"s1\">Igual que els elevadors unifamiliars, els dom\u00e8stics s\u2019enfoquen principalment a fer-los la vida m\u00e9s senzilla a persones majors, de mobilitat redu\u00efda o amb qualsevol tipus de discapacitat. Segurs i amb un disseny personalitzat, aquests elevadors ens facilitaran la mobilitat a trav\u00e9s de les diferents altures de la casa i, a m\u00e9s, transmetran un missatge d\u2019eleg\u00e0ncia.<\/span><\/p>\n<p class=\"p3\"><span class=\"s1\">Amb <b>Ascensores Ruiz<\/b> vost\u00e9 tindr\u00e0 plena llibertat per a decidir com vol el seu ascensor dom\u00e8stic. Per part nostra disposem de diferents acabaments, entre els quals es troben els <a href=\"https:\/\/ascensoresruiz.net\/val\/panoramics\/\"><span class=\"s2\">ascensors panor\u00e0mics<\/span><\/a>, que li oferiran la possibilitat de triar aquell que s\u2019adeq\u00fce m\u00e9s als seus gustos i les seues necessitats. Per descomptat, els nostres professionals li poden donar consell si ho desitja, al cap i a la fi la nostra empresa duu m\u00e9s de 100 anys donant servei i innovant en el sector, de manera que sabran donar-li les millors solucions.<\/span><\/p>\n<p class=\"p3\"><span class=\"s1\">A m\u00e9s, en la nostra companyia tant la qualitat dels materials com la seguretat i la satisfacci\u00f3 dels nostres clients \u00e9s fonamental. Per aix\u00f2 nom\u00e9s fabriquem els nostres <b>ascensors <\/b>amb dispositius i materials d\u2019acord amb la normativa vigent.<\/span><\/p>\n","protected":false},"excerpt":{"rendered":"<p>Ascensors dom\u00e8stics Home lift Comoditat, qualitat de vida, seguretat i estil. A\u00e7\u00f2 \u00e9s el que els\u00a0ascensors dom\u00e8stics de la nostra empresa deuen aportar als nostres clients. Igual que els elevadors unifamiliars, els dom\u00e8stics s\u2019enfoquen principalment a fer-los la vida m\u00e9s senzilla a persones majors, de mobilitat redu\u00efda o amb qualsevol tipus de discapacitat. Segurs i [&hellip;]<\/p>\n","protected":false},"author":1,"featured_media":0,"parent":0,"menu_order":0,"comment_status":"closed","ping_status":"open","template":"","meta":{"_bbp_topic_count":0,"_bbp_reply_count":0,"_bbp_total_topic_count":0,"_bbp_total_reply_count":0,"_bbp_voice_count":0,"_bbp_anonymous_reply_count":0,"_bbp_topic_count_hidden":0,"_bbp_reply_count_hidden":0,"_bbp_forum_subforum_count":0,"footnotes":""},"class_list":["post-30","page","type-page","status-publish","hentry"],"yoast_head":"<!-- This site is optimized with the Yoast SEO plugin v27.5 - https:\/\/yoast.com\/product\/yoast-seo-wordpress\/ -->\n<title>Ascensors dom\u00e8stics<\/title>\n<meta name=\"description\" content=\"Els elevadors dom\u00e8stics d&#039;Ascensors Ruiz estan enfocats a fer la vida m\u00e9s senzilla a persones grans, de mobilitat redu\u00efda o d&#039;altres discapacitats\" \/>\n<meta name=\"robots\" content=\"index, follow, max-snippet:-1, max-image-preview:large, max-video-preview:-1\" \/>\n<link rel=\"canonical\" href=\"https:\/\/ascensoresruiz.net\/val\/ascensors-domestics\/\" \/>\n<meta property=\"og:locale\" content=\"es_ES\" \/>\n<meta property=\"og:type\" content=\"article\" \/>\n<meta property=\"og:title\" content=\"Ascensors dom\u00e8stics\" \/>\n<meta property=\"og:description\" content=\"Els elevadors dom\u00e8stics d&#039;Ascensors Ruiz estan enfocats a fer la vida m\u00e9s senzilla a persones grans, de mobilitat redu\u00efda o d&#039;altres discapacitats\" \/>\n<meta property=\"og:url\" content=\"https:\/\/ascensoresruiz.net\/val\/ascensors-domestics\/\" \/>\n<meta property=\"og:site_name\" content=\"Ascensores Ruiz\" \/>\n<meta property=\"article:publisher\" content=\"https:\/\/www.facebook.com\/pages\/Ascensores-Ruiz\/575215262553822?ref=hl\" \/>\n<meta property=\"article:modified_time\" content=\"2022-11-21T10:31:32+00:00\" \/>\n<meta property=\"og:image\" content=\"https:\/\/ascensoresruiz.net\/val\/wp-content\/uploads\/2014\/02\/domestico11.jpg\" \/>\n\t<meta property=\"og:image:width\" content=\"110\" \/>\n\t<meta property=\"og:image:height\" content=\"400\" \/>\n\t<meta property=\"og:image:type\" content=\"image\/jpeg\" \/>\n<meta name=\"twitter:label1\" content=\"Tiempo de lectura\" \/>\n\t<meta name=\"twitter:data1\" content=\"1 minuto\" \/>\n<script type=\"application\/ld+json\" class=\"yoast-schema-graph\">{\"@context\":\"https:\\\/\\\/schema.org\",\"@graph\":[{\"@type\":\"WebPage\",\"@id\":\"https:\\\/\\\/ascensoresruiz.net\\\/val\\\/ascensors-domestics\\\/\",\"url\":\"https:\\\/\\\/ascensoresruiz.net\\\/val\\\/ascensors-domestics\\\/\",\"name\":\"Ascensors dom\u00e8stics\",\"isPartOf\":{\"@id\":\"https:\\\/\\\/ascensoresruiz.net\\\/val\\\/#website\"},\"primaryImageOfPage\":{\"@id\":\"https:\\\/\\\/ascensoresruiz.net\\\/val\\\/ascensors-domestics\\\/#primaryimage\"},\"image\":{\"@id\":\"https:\\\/\\\/ascensoresruiz.net\\\/val\\\/ascensors-domestics\\\/#primaryimage\"},\"thumbnailUrl\":\"https:\\\/\\\/ascensoresruiz.net\\\/val\\\/wp-content\\\/uploads\\\/2014\\\/02\\\/domestico11.jpg\",\"datePublished\":\"2014-02-25T13:04:26+00:00\",\"dateModified\":\"2022-11-21T10:31:32+00:00\",\"description\":\"Els elevadors dom\u00e8stics d'Ascensors Ruiz estan enfocats a fer la vida m\u00e9s senzilla a persones grans, de mobilitat redu\u00efda o d'altres discapacitats\",\"breadcrumb\":{\"@id\":\"https:\\\/\\\/ascensoresruiz.net\\\/val\\\/ascensors-domestics\\\/#breadcrumb\"},\"inLanguage\":\"es\",\"potentialAction\":[{\"@type\":\"ReadAction\",\"target\":[\"https:\\\/\\\/ascensoresruiz.net\\\/val\\\/ascensors-domestics\\\/\"]}]},{\"@type\":\"ImageObject\",\"inLanguage\":\"es\",\"@id\":\"https:\\\/\\\/ascensoresruiz.net\\\/val\\\/ascensors-domestics\\\/#primaryimage\",\"url\":\"https:\\\/\\\/ascensoresruiz.net\\\/val\\\/wp-content\\\/uploads\\\/2014\\\/02\\\/domestico11.jpg\",\"contentUrl\":\"https:\\\/\\\/ascensoresruiz.net\\\/val\\\/wp-content\\\/uploads\\\/2014\\\/02\\\/domestico11.jpg\",\"width\":110,\"height\":400},{\"@type\":\"BreadcrumbList\",\"@id\":\"https:\\\/\\\/ascensoresruiz.net\\\/val\\\/ascensors-domestics\\\/#breadcrumb\",\"itemListElement\":[{\"@type\":\"ListItem\",\"position\":1,\"name\":\"Home\",\"item\":\"https:\\\/\\\/ascensoresruiz.net\\\/val\\\/\"},{\"@type\":\"ListItem\",\"position\":2,\"name\":\"Dom\u00e8stics\"}]},{\"@type\":\"WebSite\",\"@id\":\"https:\\\/\\\/ascensoresruiz.net\\\/val\\\/#website\",\"url\":\"https:\\\/\\\/ascensoresruiz.net\\\/val\\\/\",\"name\":\"Ascensores Ruiz\",\"description\":\"M\u00e9s de 100 anys treballant amb ascensors a Val\u00e8ncia\",\"publisher\":{\"@id\":\"https:\\\/\\\/ascensoresruiz.net\\\/val\\\/#organization\"},\"alternateName\":\"Ascensores Ruiz\",\"potentialAction\":[{\"@type\":\"SearchAction\",\"target\":{\"@type\":\"EntryPoint\",\"urlTemplate\":\"https:\\\/\\\/ascensoresruiz.net\\\/val\\\/?s={search_term_string}\"},\"query-input\":{\"@type\":\"PropertyValueSpecification\",\"valueRequired\":true,\"valueName\":\"search_term_string\"}}],\"inLanguage\":\"es\"},{\"@type\":\"Organization\",\"@id\":\"https:\\\/\\\/ascensoresruiz.net\\\/val\\\/#organization\",\"name\":\"Ascensores Ruiz\",\"alternateName\":\"Ascensores Ruiz\",\"url\":\"https:\\\/\\\/ascensoresruiz.net\\\/val\\\/\",\"logo\":{\"@type\":\"ImageObject\",\"inLanguage\":\"es\",\"@id\":\"https:\\\/\\\/ascensoresruiz.net\\\/val\\\/#\\\/schema\\\/logo\\\/image\\\/\",\"url\":\"https:\\\/\\\/ascensoresruiz.net\\\/val\\\/wp-content\\\/uploads\\\/2025\\\/12\\\/ascensores_ruiz_net_logo.webp\",\"contentUrl\":\"https:\\\/\\\/ascensoresruiz.net\\\/val\\\/wp-content\\\/uploads\\\/2025\\\/12\\\/ascensores_ruiz_net_logo.webp\",\"width\":125,\"height\":163,\"caption\":\"Ascensores Ruiz\"},\"image\":{\"@id\":\"https:\\\/\\\/ascensoresruiz.net\\\/val\\\/#\\\/schema\\\/logo\\\/image\\\/\"},\"sameAs\":[\"https:\\\/\\\/www.facebook.com\\\/pages\\\/Ascensores-Ruiz\\\/575215262553822?ref=hl\",\"https:\\\/\\\/www.linkedin.com\\\/company\\\/ascensores-valencia-ruiz\\\/\"]}]}<\/script>\n<!-- \/ Yoast SEO plugin. -->","yoast_head_json":{"title":"Ascensors dom\u00e8stics","description":"Els elevadors dom\u00e8stics d'Ascensors Ruiz estan enfocats a fer la vida m\u00e9s senzilla a persones grans, de mobilitat redu\u00efda o d'altres discapacitats","robots":{"index":"index","follow":"follow","max-snippet":"max-snippet:-1","max-image-preview":"max-image-preview:large","max-video-preview":"max-video-preview:-1"},"canonical":"https:\/\/ascensoresruiz.net\/val\/ascensors-domestics\/","og_locale":"es_ES","og_type":"article","og_title":"Ascensors dom\u00e8stics","og_description":"Els elevadors dom\u00e8stics d'Ascensors Ruiz estan enfocats a fer la vida m\u00e9s senzilla a persones grans, de mobilitat redu\u00efda o d'altres discapacitats","og_url":"https:\/\/ascensoresruiz.net\/val\/ascensors-domestics\/","og_site_name":"Ascensores Ruiz","article_publisher":"https:\/\/www.facebook.com\/pages\/Ascensores-Ruiz\/575215262553822?ref=hl","article_modified_time":"2022-11-21T10:31:32+00:00","og_image":[{"width":110,"height":400,"url":"https:\/\/ascensoresruiz.net\/val\/wp-content\/uploads\/2014\/02\/domestico11.jpg","type":"image\/jpeg"}],"twitter_misc":{"Tiempo de lectura":"1 minuto"},"schema":{"@context":"https:\/\/schema.org","@graph":[{"@type":"WebPage","@id":"https:\/\/ascensoresruiz.net\/val\/ascensors-domestics\/","url":"https:\/\/ascensoresruiz.net\/val\/ascensors-domestics\/","name":"Ascensors dom\u00e8stics","isPartOf":{"@id":"https:\/\/ascensoresruiz.net\/val\/#website"},"primaryImageOfPage":{"@id":"https:\/\/ascensoresruiz.net\/val\/ascensors-domestics\/#primaryimage"},"image":{"@id":"https:\/\/ascensoresruiz.net\/val\/ascensors-domestics\/#primaryimage"},"thumbnailUrl":"https:\/\/ascensoresruiz.net\/val\/wp-content\/uploads\/2014\/02\/domestico11.jpg","datePublished":"2014-02-25T13:04:26+00:00","dateModified":"2022-11-21T10:31:32+00:00","description":"Els elevadors dom\u00e8stics d'Ascensors Ruiz estan enfocats a fer la vida m\u00e9s senzilla a persones grans, de mobilitat redu\u00efda o d'altres discapacitats","breadcrumb":{"@id":"https:\/\/ascensoresruiz.net\/val\/ascensors-domestics\/#breadcrumb"},"inLanguage":"es","potentialAction":[{"@type":"ReadAction","target":["https:\/\/ascensoresruiz.net\/val\/ascensors-domestics\/"]}]},{"@type":"ImageObject","inLanguage":"es","@id":"https:\/\/ascensoresruiz.net\/val\/ascensors-domestics\/#primaryimage","url":"https:\/\/ascensoresruiz.net\/val\/wp-content\/uploads\/2014\/02\/domestico11.jpg","contentUrl":"https:\/\/ascensoresruiz.net\/val\/wp-content\/uploads\/2014\/02\/domestico11.jpg","width":110,"height":400},{"@type":"BreadcrumbList","@id":"https:\/\/ascensoresruiz.net\/val\/ascensors-domestics\/#breadcrumb","itemListElement":[{"@type":"ListItem","position":1,"name":"Home","item":"https:\/\/ascensoresruiz.net\/val\/"},{"@type":"ListItem","position":2,"name":"Dom\u00e8stics"}]},{"@type":"WebSite","@id":"https:\/\/ascensoresruiz.net\/val\/#website","url":"https:\/\/ascensoresruiz.net\/val\/","name":"Ascensores Ruiz","description":"M\u00e9s de 100 anys treballant amb ascensors a Val\u00e8ncia","publisher":{"@id":"https:\/\/ascensoresruiz.net\/val\/#organization"},"alternateName":"Ascensores Ruiz","potentialAction":[{"@type":"SearchAction","target":{"@type":"EntryPoint","urlTemplate":"https:\/\/ascensoresruiz.net\/val\/?s={search_term_string}"},"query-input":{"@type":"PropertyValueSpecification","valueRequired":true,"valueName":"search_term_string"}}],"inLanguage":"es"},{"@type":"Organization","@id":"https:\/\/ascensoresruiz.net\/val\/#organization","name":"Ascensores Ruiz","alternateName":"Ascensores Ruiz","url":"https:\/\/ascensoresruiz.net\/val\/","logo":{"@type":"ImageObject","inLanguage":"es","@id":"https:\/\/ascensoresruiz.net\/val\/#\/schema\/logo\/image\/","url":"https:\/\/ascensoresruiz.net\/val\/wp-content\/uploads\/2025\/12\/ascensores_ruiz_net_logo.webp","contentUrl":"https:\/\/ascensoresruiz.net\/val\/wp-content\/uploads\/2025\/12\/ascensores_ruiz_net_logo.webp","width":125,"height":163,"caption":"Ascensores Ruiz"},"image":{"@id":"https:\/\/ascensoresruiz.net\/val\/#\/schema\/logo\/image\/"},"sameAs":["https:\/\/www.facebook.com\/pages\/Ascensores-Ruiz\/575215262553822?ref=hl","https:\/\/www.linkedin.com\/company\/ascensores-valencia-ruiz\/"]}]}},"_links":{"self":[{"href":"https:\/\/ascensoresruiz.net\/val\/wp-json\/wp\/v2\/pages\/30","targetHints":{"allow":["GET"]}}],"collection":[{"href":"https:\/\/ascensoresruiz.net\/val\/wp-json\/wp\/v2\/pages"}],"about":[{"href":"https:\/\/ascensoresruiz.net\/val\/wp-json\/wp\/v2\/types\/page"}],"author":[{"embeddable":true,"href":"https:\/\/ascensoresruiz.net\/val\/wp-json\/wp\/v2\/users\/1"}],"replies":[{"embeddable":true,"href":"https:\/\/ascensoresruiz.net\/val\/wp-json\/wp\/v2\/comments?post=30"}],"version-history":[{"count":19,"href":"https:\/\/ascensoresruiz.net\/val\/wp-json\/wp\/v2\/pages\/30\/revisions"}],"predecessor-version":[{"id":923,"href":"https:\/\/ascensoresruiz.net\/val\/wp-json\/wp\/v2\/pages\/30\/revisions\/923"}],"wp:attachment":[{"href":"https:\/\/ascensoresruiz.net\/val\/wp-json\/wp\/v2\/media?parent=30"}],"curies":[{"name":"wp","href":"https:\/\/api.w.org\/{rel}","templated":true}]}}