{"id":34,"date":"2014-02-25T13:08:42","date_gmt":"2014-02-25T13:08:42","guid":{"rendered":"https:\/\/ascensoresruiz.net\/?page_id=34"},"modified":"2025-12-05T14:12:52","modified_gmt":"2025-12-05T14:12:52","slug":"elevadors-de-cotxes","status":"publish","type":"page","link":"https:\/\/ascensoresruiz.net\/val\/elevadors-de-cotxes\/","title":{"rendered":"Muntacotxes"},"content":{"rendered":"<p><img loading=\"lazy\" decoding=\"async\" class=\"hello\" style=\"padding: 20px;\" src=\"https:\/\/ascensoresruiz.net\/val\/wp-content\/uploads\/2024\/02\/elevadors_cotxes_montacoches.jpg\" alt=\"elevadors de cotxes\" width=\"400\" height=\"370\" align=\"left\" \/><\/p>\n<h1 class=\"p1\"><span class=\"s1\">Muntacotxes<\/span><\/h1>\n<p class=\"p2\"><span class=\"s1\">Ideals per a qualsevol situaci\u00f3, des d\u2019Ascensores Ruiz hem instal\u00b7lat muntacotxes en tot tipus d\u2019edificis: centres comercials, aparcaments p\u00fablics i privats, vivendes unifamiliars, empreses, etc.<\/span><\/p>\n<h2 class=\"p3\"><span class=\"s1\">Elevador de cotxes<\/span><\/h2>\n<p class=\"p2\"><span class=\"s1\">La nostra dilatada experi\u00e8ncia en el sector, aix\u00ed com tamb\u00e9 el nostre esperit d\u2019equip i el nostre afany per oferir-li sempre el millor servei i els productes de millor qualitat, ens han portat a dissenyar i fabricar una gran varietat d\u2019elevadors de cotxes, les caracter\u00edstiques b\u00e0siques dels quals s\u00f3n sempre les seg\u00fcents: amplitud, c\u00e0rrega, tecnologia, pot\u00e8ncia i funcionalitat, combinats amb un disseny atractiu.<\/span><\/p>\n<p class=\"p2\"><span class=\"s1\">Per descomptat, qualsevol elevador de cotxes la fabricaci\u00f3 i la instal\u00b7laci\u00f3 del qual ens n\u2019h\u00e0gem encarregat nosaltres, disposa de la mateixa garantia que la resta dels nostres ascensors, aix\u00ed com tamb\u00e9 d\u2019un servei de manteniment preventiu i correctiu.<\/span><\/p>\n","protected":false},"excerpt":{"rendered":"<p>Muntacotxes Ideals per a qualsevol situaci\u00f3, des d\u2019Ascensores Ruiz hem instal\u00b7lat muntacotxes en tot tipus d\u2019edificis: centres comercials, aparcaments p\u00fablics i privats, vivendes unifamiliars, empreses, etc. Elevador de cotxes La nostra dilatada experi\u00e8ncia en el sector, aix\u00ed com tamb\u00e9 el nostre esperit d\u2019equip i el nostre afany per oferir-li sempre el millor servei i els [&hellip;]<\/p>\n","protected":false},"author":1,"featured_media":0,"parent":0,"menu_order":0,"comment_status":"closed","ping_status":"open","template":"","meta":{"_bbp_topic_count":0,"_bbp_reply_count":0,"_bbp_total_topic_count":0,"_bbp_total_reply_count":0,"_bbp_voice_count":0,"_bbp_anonymous_reply_count":0,"_bbp_topic_count_hidden":0,"_bbp_reply_count_hidden":0,"_bbp_forum_subforum_count":0,"footnotes":""},"class_list":["post-34","page","type-page","status-publish","hentry"],"yoast_head":"<!-- This site is optimized with the Yoast SEO plugin v27.5 - https:\/\/yoast.com\/product\/yoast-seo-wordpress\/ -->\n<title>Elevador de cotxes. Montacoches Val\u00e8ncia<\/title>\n<meta name=\"description\" content=\"Ascensors Ruiz compta amb tota una \u00e0mplia s\u00e8rie d&#039;elevadors de cotxes amb prou capacitat per poder transportar qualsevol tipus de c\u00e0rrega i pes\" \/>\n<meta name=\"robots\" content=\"index, follow, max-snippet:-1, max-image-preview:large, max-video-preview:-1\" \/>\n<link rel=\"canonical\" href=\"https:\/\/ascensoresruiz.net\/val\/elevadors-de-cotxes\/\" \/>\n<meta property=\"og:locale\" content=\"es_ES\" \/>\n<meta property=\"og:type\" content=\"article\" \/>\n<meta property=\"og:title\" content=\"Elevador de cotxes. Montacoches Val\u00e8ncia\" \/>\n<meta property=\"og:description\" content=\"Ascensors Ruiz compta amb tota una \u00e0mplia s\u00e8rie d&#039;elevadors de cotxes amb prou capacitat per poder transportar qualsevol tipus de c\u00e0rrega i pes\" \/>\n<meta property=\"og:url\" content=\"https:\/\/ascensoresruiz.net\/val\/elevadors-de-cotxes\/\" \/>\n<meta property=\"og:site_name\" content=\"Ascensores Ruiz\" \/>\n<meta property=\"article:publisher\" content=\"https:\/\/www.facebook.com\/pages\/Ascensores-Ruiz\/575215262553822?ref=hl\" \/>\n<meta property=\"article:modified_time\" content=\"2025-12-05T14:12:52+00:00\" \/>\n<meta property=\"og:image\" content=\"https:\/\/ascensoresruiz.net\/val\/wp-content\/uploads\/2024\/02\/elevadors_cotxes_montacoches.jpg\" \/>\n<meta name=\"twitter:label1\" content=\"Tiempo de lectura\" \/>\n\t<meta name=\"twitter:data1\" content=\"1 minuto\" \/>\n<script type=\"application\/ld+json\" class=\"yoast-schema-graph\">{\"@context\":\"https:\\\/\\\/schema.org\",\"@graph\":[{\"@type\":\"WebPage\",\"@id\":\"https:\\\/\\\/ascensoresruiz.net\\\/val\\\/elevadors-de-cotxes\\\/\",\"url\":\"https:\\\/\\\/ascensoresruiz.net\\\/val\\\/elevadors-de-cotxes\\\/\",\"name\":\"Elevador de cotxes. Montacoches Val\u00e8ncia\",\"isPartOf\":{\"@id\":\"https:\\\/\\\/ascensoresruiz.net\\\/val\\\/#website\"},\"primaryImageOfPage\":{\"@id\":\"https:\\\/\\\/ascensoresruiz.net\\\/val\\\/elevadors-de-cotxes\\\/#primaryimage\"},\"image\":{\"@id\":\"https:\\\/\\\/ascensoresruiz.net\\\/val\\\/elevadors-de-cotxes\\\/#primaryimage\"},\"thumbnailUrl\":\"https:\\\/\\\/ascensoresruiz.net\\\/val\\\/wp-content\\\/uploads\\\/2024\\\/02\\\/elevadors_cotxes_montacoches.jpg\",\"datePublished\":\"2014-02-25T13:08:42+00:00\",\"dateModified\":\"2025-12-05T14:12:52+00:00\",\"description\":\"Ascensors Ruiz compta amb tota una \u00e0mplia s\u00e8rie d'elevadors de cotxes amb prou capacitat per poder transportar qualsevol tipus de c\u00e0rrega i pes\",\"breadcrumb\":{\"@id\":\"https:\\\/\\\/ascensoresruiz.net\\\/val\\\/elevadors-de-cotxes\\\/#breadcrumb\"},\"inLanguage\":\"es\",\"potentialAction\":[{\"@type\":\"ReadAction\",\"target\":[\"https:\\\/\\\/ascensoresruiz.net\\\/val\\\/elevadors-de-cotxes\\\/\"]}]},{\"@type\":\"ImageObject\",\"inLanguage\":\"es\",\"@id\":\"https:\\\/\\\/ascensoresruiz.net\\\/val\\\/elevadors-de-cotxes\\\/#primaryimage\",\"url\":\"https:\\\/\\\/ascensoresruiz.net\\\/val\\\/wp-content\\\/uploads\\\/2024\\\/02\\\/elevadors_cotxes_montacoches.jpg\",\"contentUrl\":\"https:\\\/\\\/ascensoresruiz.net\\\/val\\\/wp-content\\\/uploads\\\/2024\\\/02\\\/elevadors_cotxes_montacoches.jpg\",\"width\":400,\"height\":370,\"caption\":\"elevadors cotxes montacoches\"},{\"@type\":\"BreadcrumbList\",\"@id\":\"https:\\\/\\\/ascensoresruiz.net\\\/val\\\/elevadors-de-cotxes\\\/#breadcrumb\",\"itemListElement\":[{\"@type\":\"ListItem\",\"position\":1,\"name\":\"Home\",\"item\":\"https:\\\/\\\/ascensoresruiz.net\\\/val\\\/\"},{\"@type\":\"ListItem\",\"position\":2,\"name\":\"Muntacotxes\"}]},{\"@type\":\"WebSite\",\"@id\":\"https:\\\/\\\/ascensoresruiz.net\\\/val\\\/#website\",\"url\":\"https:\\\/\\\/ascensoresruiz.net\\\/val\\\/\",\"name\":\"Ascensores Ruiz\",\"description\":\"M\u00e9s de 100 anys treballant amb ascensors a Val\u00e8ncia\",\"publisher\":{\"@id\":\"https:\\\/\\\/ascensoresruiz.net\\\/val\\\/#organization\"},\"alternateName\":\"Ascensores Ruiz\",\"potentialAction\":[{\"@type\":\"SearchAction\",\"target\":{\"@type\":\"EntryPoint\",\"urlTemplate\":\"https:\\\/\\\/ascensoresruiz.net\\\/val\\\/?s={search_term_string}\"},\"query-input\":{\"@type\":\"PropertyValueSpecification\",\"valueRequired\":true,\"valueName\":\"search_term_string\"}}],\"inLanguage\":\"es\"},{\"@type\":\"Organization\",\"@id\":\"https:\\\/\\\/ascensoresruiz.net\\\/val\\\/#organization\",\"name\":\"Ascensores Ruiz\",\"alternateName\":\"Ascensores Ruiz\",\"url\":\"https:\\\/\\\/ascensoresruiz.net\\\/val\\\/\",\"logo\":{\"@type\":\"ImageObject\",\"inLanguage\":\"es\",\"@id\":\"https:\\\/\\\/ascensoresruiz.net\\\/val\\\/#\\\/schema\\\/logo\\\/image\\\/\",\"url\":\"https:\\\/\\\/ascensoresruiz.net\\\/val\\\/wp-content\\\/uploads\\\/2025\\\/12\\\/ascensores_ruiz_net_logo.webp\",\"contentUrl\":\"https:\\\/\\\/ascensoresruiz.net\\\/val\\\/wp-content\\\/uploads\\\/2025\\\/12\\\/ascensores_ruiz_net_logo.webp\",\"width\":125,\"height\":163,\"caption\":\"Ascensores Ruiz\"},\"image\":{\"@id\":\"https:\\\/\\\/ascensoresruiz.net\\\/val\\\/#\\\/schema\\\/logo\\\/image\\\/\"},\"sameAs\":[\"https:\\\/\\\/www.facebook.com\\\/pages\\\/Ascensores-Ruiz\\\/575215262553822?ref=hl\",\"https:\\\/\\\/www.linkedin.com\\\/company\\\/ascensores-valencia-ruiz\\\/\"]}]}<\/script>\n<!-- \/ Yoast SEO plugin. -->","yoast_head_json":{"title":"Elevador de cotxes. Montacoches Val\u00e8ncia","description":"Ascensors Ruiz compta amb tota una \u00e0mplia s\u00e8rie d'elevadors de cotxes amb prou capacitat per poder transportar qualsevol tipus de c\u00e0rrega i pes","robots":{"index":"index","follow":"follow","max-snippet":"max-snippet:-1","max-image-preview":"max-image-preview:large","max-video-preview":"max-video-preview:-1"},"canonical":"https:\/\/ascensoresruiz.net\/val\/elevadors-de-cotxes\/","og_locale":"es_ES","og_type":"article","og_title":"Elevador de cotxes. Montacoches Val\u00e8ncia","og_description":"Ascensors Ruiz compta amb tota una \u00e0mplia s\u00e8rie d'elevadors de cotxes amb prou capacitat per poder transportar qualsevol tipus de c\u00e0rrega i pes","og_url":"https:\/\/ascensoresruiz.net\/val\/elevadors-de-cotxes\/","og_site_name":"Ascensores Ruiz","article_publisher":"https:\/\/www.facebook.com\/pages\/Ascensores-Ruiz\/575215262553822?ref=hl","article_modified_time":"2025-12-05T14:12:52+00:00","og_image":[{"url":"https:\/\/ascensoresruiz.net\/val\/wp-content\/uploads\/2024\/02\/elevadors_cotxes_montacoches.jpg","type":"","width":"","height":""}],"twitter_misc":{"Tiempo de lectura":"1 minuto"},"schema":{"@context":"https:\/\/schema.org","@graph":[{"@type":"WebPage","@id":"https:\/\/ascensoresruiz.net\/val\/elevadors-de-cotxes\/","url":"https:\/\/ascensoresruiz.net\/val\/elevadors-de-cotxes\/","name":"Elevador de cotxes. Montacoches Val\u00e8ncia","isPartOf":{"@id":"https:\/\/ascensoresruiz.net\/val\/#website"},"primaryImageOfPage":{"@id":"https:\/\/ascensoresruiz.net\/val\/elevadors-de-cotxes\/#primaryimage"},"image":{"@id":"https:\/\/ascensoresruiz.net\/val\/elevadors-de-cotxes\/#primaryimage"},"thumbnailUrl":"https:\/\/ascensoresruiz.net\/val\/wp-content\/uploads\/2024\/02\/elevadors_cotxes_montacoches.jpg","datePublished":"2014-02-25T13:08:42+00:00","dateModified":"2025-12-05T14:12:52+00:00","description":"Ascensors Ruiz compta amb tota una \u00e0mplia s\u00e8rie d'elevadors de cotxes amb prou capacitat per poder transportar qualsevol tipus de c\u00e0rrega i pes","breadcrumb":{"@id":"https:\/\/ascensoresruiz.net\/val\/elevadors-de-cotxes\/#breadcrumb"},"inLanguage":"es","potentialAction":[{"@type":"ReadAction","target":["https:\/\/ascensoresruiz.net\/val\/elevadors-de-cotxes\/"]}]},{"@type":"ImageObject","inLanguage":"es","@id":"https:\/\/ascensoresruiz.net\/val\/elevadors-de-cotxes\/#primaryimage","url":"https:\/\/ascensoresruiz.net\/val\/wp-content\/uploads\/2024\/02\/elevadors_cotxes_montacoches.jpg","contentUrl":"https:\/\/ascensoresruiz.net\/val\/wp-content\/uploads\/2024\/02\/elevadors_cotxes_montacoches.jpg","width":400,"height":370,"caption":"elevadors cotxes montacoches"},{"@type":"BreadcrumbList","@id":"https:\/\/ascensoresruiz.net\/val\/elevadors-de-cotxes\/#breadcrumb","itemListElement":[{"@type":"ListItem","position":1,"name":"Home","item":"https:\/\/ascensoresruiz.net\/val\/"},{"@type":"ListItem","position":2,"name":"Muntacotxes"}]},{"@type":"WebSite","@id":"https:\/\/ascensoresruiz.net\/val\/#website","url":"https:\/\/ascensoresruiz.net\/val\/","name":"Ascensores Ruiz","description":"M\u00e9s de 100 anys treballant amb ascensors a Val\u00e8ncia","publisher":{"@id":"https:\/\/ascensoresruiz.net\/val\/#organization"},"alternateName":"Ascensores Ruiz","potentialAction":[{"@type":"SearchAction","target":{"@type":"EntryPoint","urlTemplate":"https:\/\/ascensoresruiz.net\/val\/?s={search_term_string}"},"query-input":{"@type":"PropertyValueSpecification","valueRequired":true,"valueName":"search_term_string"}}],"inLanguage":"es"},{"@type":"Organization","@id":"https:\/\/ascensoresruiz.net\/val\/#organization","name":"Ascensores Ruiz","alternateName":"Ascensores Ruiz","url":"https:\/\/ascensoresruiz.net\/val\/","logo":{"@type":"ImageObject","inLanguage":"es","@id":"https:\/\/ascensoresruiz.net\/val\/#\/schema\/logo\/image\/","url":"https:\/\/ascensoresruiz.net\/val\/wp-content\/uploads\/2025\/12\/ascensores_ruiz_net_logo.webp","contentUrl":"https:\/\/ascensoresruiz.net\/val\/wp-content\/uploads\/2025\/12\/ascensores_ruiz_net_logo.webp","width":125,"height":163,"caption":"Ascensores Ruiz"},"image":{"@id":"https:\/\/ascensoresruiz.net\/val\/#\/schema\/logo\/image\/"},"sameAs":["https:\/\/www.facebook.com\/pages\/Ascensores-Ruiz\/575215262553822?ref=hl","https:\/\/www.linkedin.com\/company\/ascensores-valencia-ruiz\/"]}]}},"_links":{"self":[{"href":"https:\/\/ascensoresruiz.net\/val\/wp-json\/wp\/v2\/pages\/34","targetHints":{"allow":["GET"]}}],"collection":[{"href":"https:\/\/ascensoresruiz.net\/val\/wp-json\/wp\/v2\/pages"}],"about":[{"href":"https:\/\/ascensoresruiz.net\/val\/wp-json\/wp\/v2\/types\/page"}],"author":[{"embeddable":true,"href":"https:\/\/ascensoresruiz.net\/val\/wp-json\/wp\/v2\/users\/1"}],"replies":[{"embeddable":true,"href":"https:\/\/ascensoresruiz.net\/val\/wp-json\/wp\/v2\/comments?post=34"}],"version-history":[{"count":12,"href":"https:\/\/ascensoresruiz.net\/val\/wp-json\/wp\/v2\/pages\/34\/revisions"}],"predecessor-version":[{"id":1043,"href":"https:\/\/ascensoresruiz.net\/val\/wp-json\/wp\/v2\/pages\/34\/revisions\/1043"}],"wp:attachment":[{"href":"https:\/\/ascensoresruiz.net\/val\/wp-json\/wp\/v2\/media?parent=34"}],"curies":[{"name":"wp","href":"https:\/\/api.w.org\/{rel}","templated":true}]}}