{"id":38,"date":"2014-02-25T13:11:55","date_gmt":"2014-02-25T13:11:55","guid":{"rendered":"https:\/\/ascensoresruiz.net\/?page_id=38"},"modified":"2024-02-05T12:52:47","modified_gmt":"2024-02-05T12:52:47","slug":"minicarregues","status":"publish","type":"page","link":"https:\/\/ascensoresruiz.net\/val\/minicarregues\/","title":{"rendered":"Minicarregues"},"content":{"rendered":"<p><img loading=\"lazy\" decoding=\"async\" class=\"bye\" style=\"padding: 20px;\" src=\"https:\/\/ascensoresruiz.net\/val\/wp-content\/uploads\/2024\/02\/minicarregues_ascensores_ruiz.jpg\" alt=\"minicarrega\" width=\"400\" height=\"450\" align=\"right\" \/><\/p>\n<h1 class=\"p1\"><span class=\"s1\">Minic\u00e0rregues<\/span><\/h1>\n<p class=\"p2\"><span class=\"s1\">Els <b>minic\u00e0rregues <\/b>s\u00f3n plataformes xicotetes de c\u00e0rrega pensades per al transport d\u2019objectes materials de tot tipus, pes i magnitud. <b>En Ascensores Ruiz dissenyem i fabriquem tot tipus de minic\u00e0rregues segons les caracter\u00edstiques exigides pels nostres clients<\/b>. \u00c9s a dir, no nom\u00e9s ens adeq\u00fcem a les dimensions indicades, sin\u00f3 que tamb\u00e9 les fabriquem d\u2019acord amb el pes que aquestes plataformes xicotetes hauran de transportar.<\/span><\/p>\n<p class=\"p2\"><span class=\"s1\">Generalment, els minic\u00e0rregues estan pensats per al m\u00f3n laboral. Aix\u00ed, potser h\u00e0gem vist aquests aparells en restaurants, hotels, farm\u00e0cies, centres educatius, hospitals, biblioteques, arxius, etc.<\/span><\/p>\n<p class=\"p2\"><span class=\"s1\">Finalment, els nostres professionals s\u2019encarregaran d\u2019assessorar i de realitzar un estudi individualitzat per tal d\u2019ajustar-se a les necessitats de cada client. Aix\u00ed mateix, els nostres t\u00e8cnics treballen cont\u00ednuament en aportar i desenvolupar noves idees que donen solucions a necessitats futures i milloren encara m\u00e9s els nostres productes i serveis. En Ascensores Ruiz no nom\u00e9s ens caracteritzem pel fet de tindre una experi\u00e8ncia dilatada en el temps, sin\u00f3 tamb\u00e9 sobretot pel fet de ser una <b>empresa pionera pel que fa a noves tecnologies<\/b>.<\/span><\/p>\n","protected":false},"excerpt":{"rendered":"<p>Minic\u00e0rregues Els minic\u00e0rregues s\u00f3n plataformes xicotetes de c\u00e0rrega pensades per al transport d\u2019objectes materials de tot tipus, pes i magnitud. En Ascensores Ruiz dissenyem i fabriquem tot tipus de minic\u00e0rregues segons les caracter\u00edstiques exigides pels nostres clients. \u00c9s a dir, no nom\u00e9s ens adeq\u00fcem a les dimensions indicades, sin\u00f3 que tamb\u00e9 les fabriquem d\u2019acord amb [&hellip;]<\/p>\n","protected":false},"author":1,"featured_media":0,"parent":0,"menu_order":0,"comment_status":"closed","ping_status":"open","template":"","meta":{"_bbp_topic_count":0,"_bbp_reply_count":0,"_bbp_total_topic_count":0,"_bbp_total_reply_count":0,"_bbp_voice_count":0,"_bbp_anonymous_reply_count":0,"_bbp_topic_count_hidden":0,"_bbp_reply_count_hidden":0,"_bbp_forum_subforum_count":0,"footnotes":""},"class_list":["post-38","page","type-page","status-publish","hentry"],"yoast_head":"<!-- This site is optimized with the Yoast SEO plugin v26.5 - https:\/\/yoast.com\/wordpress\/plugins\/seo\/ -->\n<title>Minicarregues<\/title>\n<meta name=\"description\" content=\"A Ascensors Ruiz dissenyem i fabriquem tot tipus de minic\u00e0rregues segons les caracter\u00edstiques exigides pels nostres clients\" \/>\n<meta name=\"robots\" content=\"index, follow, max-snippet:-1, max-image-preview:large, max-video-preview:-1\" \/>\n<link rel=\"canonical\" href=\"https:\/\/ascensoresruiz.net\/val\/minicarregues\/\" \/>\n<meta property=\"og:locale\" content=\"es_ES\" \/>\n<meta property=\"og:type\" content=\"article\" \/>\n<meta property=\"og:title\" content=\"Minicarregues\" \/>\n<meta property=\"og:description\" content=\"A Ascensors Ruiz dissenyem i fabriquem tot tipus de minic\u00e0rregues segons les caracter\u00edstiques exigides pels nostres clients\" \/>\n<meta property=\"og:url\" content=\"https:\/\/ascensoresruiz.net\/val\/minicarregues\/\" \/>\n<meta property=\"og:site_name\" content=\"Ascensores Ruiz\" \/>\n<meta property=\"article:publisher\" content=\"https:\/\/www.facebook.com\/pages\/Ascensores-Ruiz\/575215262553822?ref=hl\" \/>\n<meta property=\"article:modified_time\" content=\"2024-02-05T12:52:47+00:00\" \/>\n<meta property=\"og:image\" content=\"https:\/\/ascensoresruiz.net\/val\/wp-content\/uploads\/2024\/02\/minicarregues_ascensores_ruiz.jpg\" \/>\n<meta name=\"twitter:label1\" content=\"Tiempo de lectura\" \/>\n\t<meta name=\"twitter:data1\" content=\"1 minuto\" \/>\n<script type=\"application\/ld+json\" class=\"yoast-schema-graph\">{\"@context\":\"https:\/\/schema.org\",\"@graph\":[{\"@type\":\"WebPage\",\"@id\":\"https:\/\/ascensoresruiz.net\/val\/minicarregues\/\",\"url\":\"https:\/\/ascensoresruiz.net\/val\/minicarregues\/\",\"name\":\"Minicarregues\",\"isPartOf\":{\"@id\":\"https:\/\/ascensoresruiz.net\/val\/#website\"},\"primaryImageOfPage\":{\"@id\":\"https:\/\/ascensoresruiz.net\/val\/minicarregues\/#primaryimage\"},\"image\":{\"@id\":\"https:\/\/ascensoresruiz.net\/val\/minicarregues\/#primaryimage\"},\"thumbnailUrl\":\"https:\/\/ascensoresruiz.net\/val\/wp-content\/uploads\/2024\/02\/minicarregues_ascensores_ruiz.jpg\",\"datePublished\":\"2014-02-25T13:11:55+00:00\",\"dateModified\":\"2024-02-05T12:52:47+00:00\",\"description\":\"A Ascensors Ruiz dissenyem i fabriquem tot tipus de minic\u00e0rregues segons les caracter\u00edstiques exigides pels nostres clients\",\"breadcrumb\":{\"@id\":\"https:\/\/ascensoresruiz.net\/val\/minicarregues\/#breadcrumb\"},\"inLanguage\":\"es\",\"potentialAction\":[{\"@type\":\"ReadAction\",\"target\":[\"https:\/\/ascensoresruiz.net\/val\/minicarregues\/\"]}]},{\"@type\":\"ImageObject\",\"inLanguage\":\"es\",\"@id\":\"https:\/\/ascensoresruiz.net\/val\/minicarregues\/#primaryimage\",\"url\":\"https:\/\/ascensoresruiz.net\/val\/wp-content\/uploads\/2024\/02\/minicarregues_ascensores_ruiz.jpg\",\"contentUrl\":\"https:\/\/ascensoresruiz.net\/val\/wp-content\/uploads\/2024\/02\/minicarregues_ascensores_ruiz.jpg\",\"width\":400,\"height\":450,\"caption\":\"minicarregues ascensores ruiz\"},{\"@type\":\"BreadcrumbList\",\"@id\":\"https:\/\/ascensoresruiz.net\/val\/minicarregues\/#breadcrumb\",\"itemListElement\":[{\"@type\":\"ListItem\",\"position\":1,\"name\":\"Home\",\"item\":\"https:\/\/ascensoresruiz.net\/val\/\"},{\"@type\":\"ListItem\",\"position\":2,\"name\":\"Minicarregues\"}]},{\"@type\":\"WebSite\",\"@id\":\"https:\/\/ascensoresruiz.net\/val\/#website\",\"url\":\"https:\/\/ascensoresruiz.net\/val\/\",\"name\":\"Ascensores Ruiz\",\"description\":\"M\u00e9s de 100 anys treballant amb ascensors a Val\u00e8ncia\",\"publisher\":{\"@id\":\"https:\/\/ascensoresruiz.net\/val\/#organization\"},\"alternateName\":\"Ascensores Ruiz\",\"potentialAction\":[{\"@type\":\"SearchAction\",\"target\":{\"@type\":\"EntryPoint\",\"urlTemplate\":\"https:\/\/ascensoresruiz.net\/val\/?s={search_term_string}\"},\"query-input\":{\"@type\":\"PropertyValueSpecification\",\"valueRequired\":true,\"valueName\":\"search_term_string\"}}],\"inLanguage\":\"es\"},{\"@type\":\"Organization\",\"@id\":\"https:\/\/ascensoresruiz.net\/val\/#organization\",\"name\":\"Ascensores Ruiz\",\"alternateName\":\"Ascensores Ruiz\",\"url\":\"https:\/\/ascensoresruiz.net\/val\/\",\"logo\":{\"@type\":\"ImageObject\",\"inLanguage\":\"es\",\"@id\":\"https:\/\/ascensoresruiz.net\/val\/#\/schema\/logo\/image\/\",\"url\":\"https:\/\/ascensoresruiz.net\/val\/wp-content\/uploads\/2025\/12\/ascensores_ruiz_net_logo.webp\",\"contentUrl\":\"https:\/\/ascensoresruiz.net\/val\/wp-content\/uploads\/2025\/12\/ascensores_ruiz_net_logo.webp\",\"width\":125,\"height\":163,\"caption\":\"Ascensores Ruiz\"},\"image\":{\"@id\":\"https:\/\/ascensoresruiz.net\/val\/#\/schema\/logo\/image\/\"},\"sameAs\":[\"https:\/\/www.facebook.com\/pages\/Ascensores-Ruiz\/575215262553822?ref=hl\",\"https:\/\/www.linkedin.com\/company\/ascensores-valencia-ruiz\/\"]}]}<\/script>\n<!-- \/ Yoast SEO plugin. -->","yoast_head_json":{"title":"Minicarregues","description":"A Ascensors Ruiz dissenyem i fabriquem tot tipus de minic\u00e0rregues segons les caracter\u00edstiques exigides pels nostres clients","robots":{"index":"index","follow":"follow","max-snippet":"max-snippet:-1","max-image-preview":"max-image-preview:large","max-video-preview":"max-video-preview:-1"},"canonical":"https:\/\/ascensoresruiz.net\/val\/minicarregues\/","og_locale":"es_ES","og_type":"article","og_title":"Minicarregues","og_description":"A Ascensors Ruiz dissenyem i fabriquem tot tipus de minic\u00e0rregues segons les caracter\u00edstiques exigides pels nostres clients","og_url":"https:\/\/ascensoresruiz.net\/val\/minicarregues\/","og_site_name":"Ascensores Ruiz","article_publisher":"https:\/\/www.facebook.com\/pages\/Ascensores-Ruiz\/575215262553822?ref=hl","article_modified_time":"2024-02-05T12:52:47+00:00","og_image":[{"url":"https:\/\/ascensoresruiz.net\/val\/wp-content\/uploads\/2024\/02\/minicarregues_ascensores_ruiz.jpg","type":"","width":"","height":""}],"twitter_misc":{"Tiempo de lectura":"1 minuto"},"schema":{"@context":"https:\/\/schema.org","@graph":[{"@type":"WebPage","@id":"https:\/\/ascensoresruiz.net\/val\/minicarregues\/","url":"https:\/\/ascensoresruiz.net\/val\/minicarregues\/","name":"Minicarregues","isPartOf":{"@id":"https:\/\/ascensoresruiz.net\/val\/#website"},"primaryImageOfPage":{"@id":"https:\/\/ascensoresruiz.net\/val\/minicarregues\/#primaryimage"},"image":{"@id":"https:\/\/ascensoresruiz.net\/val\/minicarregues\/#primaryimage"},"thumbnailUrl":"https:\/\/ascensoresruiz.net\/val\/wp-content\/uploads\/2024\/02\/minicarregues_ascensores_ruiz.jpg","datePublished":"2014-02-25T13:11:55+00:00","dateModified":"2024-02-05T12:52:47+00:00","description":"A Ascensors Ruiz dissenyem i fabriquem tot tipus de minic\u00e0rregues segons les caracter\u00edstiques exigides pels nostres clients","breadcrumb":{"@id":"https:\/\/ascensoresruiz.net\/val\/minicarregues\/#breadcrumb"},"inLanguage":"es","potentialAction":[{"@type":"ReadAction","target":["https:\/\/ascensoresruiz.net\/val\/minicarregues\/"]}]},{"@type":"ImageObject","inLanguage":"es","@id":"https:\/\/ascensoresruiz.net\/val\/minicarregues\/#primaryimage","url":"https:\/\/ascensoresruiz.net\/val\/wp-content\/uploads\/2024\/02\/minicarregues_ascensores_ruiz.jpg","contentUrl":"https:\/\/ascensoresruiz.net\/val\/wp-content\/uploads\/2024\/02\/minicarregues_ascensores_ruiz.jpg","width":400,"height":450,"caption":"minicarregues ascensores ruiz"},{"@type":"BreadcrumbList","@id":"https:\/\/ascensoresruiz.net\/val\/minicarregues\/#breadcrumb","itemListElement":[{"@type":"ListItem","position":1,"name":"Home","item":"https:\/\/ascensoresruiz.net\/val\/"},{"@type":"ListItem","position":2,"name":"Minicarregues"}]},{"@type":"WebSite","@id":"https:\/\/ascensoresruiz.net\/val\/#website","url":"https:\/\/ascensoresruiz.net\/val\/","name":"Ascensores Ruiz","description":"M\u00e9s de 100 anys treballant amb ascensors a Val\u00e8ncia","publisher":{"@id":"https:\/\/ascensoresruiz.net\/val\/#organization"},"alternateName":"Ascensores Ruiz","potentialAction":[{"@type":"SearchAction","target":{"@type":"EntryPoint","urlTemplate":"https:\/\/ascensoresruiz.net\/val\/?s={search_term_string}"},"query-input":{"@type":"PropertyValueSpecification","valueRequired":true,"valueName":"search_term_string"}}],"inLanguage":"es"},{"@type":"Organization","@id":"https:\/\/ascensoresruiz.net\/val\/#organization","name":"Ascensores Ruiz","alternateName":"Ascensores Ruiz","url":"https:\/\/ascensoresruiz.net\/val\/","logo":{"@type":"ImageObject","inLanguage":"es","@id":"https:\/\/ascensoresruiz.net\/val\/#\/schema\/logo\/image\/","url":"https:\/\/ascensoresruiz.net\/val\/wp-content\/uploads\/2025\/12\/ascensores_ruiz_net_logo.webp","contentUrl":"https:\/\/ascensoresruiz.net\/val\/wp-content\/uploads\/2025\/12\/ascensores_ruiz_net_logo.webp","width":125,"height":163,"caption":"Ascensores Ruiz"},"image":{"@id":"https:\/\/ascensoresruiz.net\/val\/#\/schema\/logo\/image\/"},"sameAs":["https:\/\/www.facebook.com\/pages\/Ascensores-Ruiz\/575215262553822?ref=hl","https:\/\/www.linkedin.com\/company\/ascensores-valencia-ruiz\/"]}]}},"_links":{"self":[{"href":"https:\/\/ascensoresruiz.net\/val\/wp-json\/wp\/v2\/pages\/38","targetHints":{"allow":["GET"]}}],"collection":[{"href":"https:\/\/ascensoresruiz.net\/val\/wp-json\/wp\/v2\/pages"}],"about":[{"href":"https:\/\/ascensoresruiz.net\/val\/wp-json\/wp\/v2\/types\/page"}],"author":[{"embeddable":true,"href":"https:\/\/ascensoresruiz.net\/val\/wp-json\/wp\/v2\/users\/1"}],"replies":[{"embeddable":true,"href":"https:\/\/ascensoresruiz.net\/val\/wp-json\/wp\/v2\/comments?post=38"}],"version-history":[{"count":9,"href":"https:\/\/ascensoresruiz.net\/val\/wp-json\/wp\/v2\/pages\/38\/revisions"}],"predecessor-version":[{"id":1025,"href":"https:\/\/ascensoresruiz.net\/val\/wp-json\/wp\/v2\/pages\/38\/revisions\/1025"}],"wp:attachment":[{"href":"https:\/\/ascensoresruiz.net\/val\/wp-json\/wp\/v2\/media?parent=38"}],"curies":[{"name":"wp","href":"https:\/\/api.w.org\/{rel}","templated":true}]}}

<p><img loading="lazy" decoding="async" class="bye" style="padding: 20px;" src="https://ascensoresruiz.net/val/wp-content/uploads/2024/02/minicarregues_ascensores_ruiz.jpg" alt="minicarrega" width="400" height="450" align="right" /></p>
<h1 class="p1"><span class="s1">Minicàrregues</span></h1>
<p class="p2"><span class="s1">Els <b>minicàrregues </b>són plataformes xicotetes de càrrega pensades per al transport d’objectes materials de tot tipus, pes i magnitud. <b>En Ascensores Ruiz dissenyem i fabriquem tot tipus de minicàrregues segons les característiques exigides pels nostres clients</b>. És a dir, no només ens adeqüem a les dimensions indicades, sinó que també les fabriquem d’acord amb el pes que aquestes plataformes xicotetes hauran de transportar.</span></p>
<p class="p2"><span class="s1">Generalment, els minicàrregues estan pensats per al món laboral. Així, potser hàgem vist aquests aparells en restaurants, hotels, farmàcies, centres educatius, hospitals, biblioteques, arxius, etc.</span></p>
<p class="p2"><span class="s1">Finalment, els nostres professionals s’encarregaran d’assessorar i de realitzar un estudi individualitzat per tal d’ajustar-se a les necessitats de cada client. Així mateix, els nostres tècnics treballen contínuament en aportar i desenvolupar noves idees que donen solucions a necessitats futures i milloren encara més els nostres productes i serveis. En Ascensores Ruiz no només ens caracteritzem pel fet de tindre una experiència dilatada en el temps, sinó també sobretot pel fet de ser una <b>empresa pionera pel que fa a noves tecnologies</b>.</span></p>

<p>Minicàrregues Els minicàrregues són plataformes xicotetes de càrrega pensades per al transport d’objectes materials de tot tipus, pes i magnitud. En Ascensores Ruiz dissenyem i fabriquem tot tipus de minicàrregues segons les característiques exigides pels nostres clients. És a dir, no només ens adeqüem a les dimensions indicades, sinó que també les fabriquem d’acord amb [&hellip;]</p>

<!-- This site is optimized with the Yoast SEO plugin v26.5 - https://yoast.com/wordpress/plugins/seo/ -->
<title>Minicarregues</title>
<meta name="description" content="A Ascensors Ruiz dissenyem i fabriquem tot tipus de minicàrregues segons les característiques exigides pels nostres clients" />
<meta name="robots" content="index, follow, max-snippet:-1, max-image-preview:large, max-video-preview:-1" />
<link rel="canonical" href="https://ascensoresruiz.net/val/minicarregues/" />
<meta property="og:locale" content="es_ES" />
<meta property="og:type" content="article" />
<meta property="og:title" content="Minicarregues" />
<meta property="og:description" content="A Ascensors Ruiz dissenyem i fabriquem tot tipus de minicàrregues segons les característiques exigides pels nostres clients" />
<meta property="og:url" content="https://ascensoresruiz.net/val/minicarregues/" />
<meta property="og:site_name" content="Ascensores Ruiz" />
<meta property="article:publisher" content="https://www.facebook.com/pages/Ascensores-Ruiz/575215262553822?ref=hl" />
<meta property="article:modified_time" content="2024-02-05T12:52:47+00:00" />
<meta property="og:image" content="https://ascensoresruiz.net/val/wp-content/uploads/2024/02/minicarregues_ascensores_ruiz.jpg" />
<meta name="twitter:label1" content="Tiempo de lectura" />
	<meta name="twitter:data1" content="1 minuto" />
<script type="application/ld+json" class="yoast-schema-graph">{"@context":"https://schema.org","@graph":[{"@type":"WebPage","@id":"https://ascensoresruiz.net/val/minicarregues/","url":"https://ascensoresruiz.net/val/minicarregues/","name":"Minicarregues","isPartOf":{"@id":"https://ascensoresruiz.net/val/#website"},"primaryImageOfPage":{"@id":"https://ascensoresruiz.net/val/minicarregues/#primaryimage"},"image":{"@id":"https://ascensoresruiz.net/val/minicarregues/#primaryimage"},"thumbnailUrl":"https://ascensoresruiz.net/val/wp-content/uploads/2024/02/minicarregues_ascensores_ruiz.jpg","datePublished":"2014-02-25T13:11:55+00:00","dateModified":"2024-02-05T12:52:47+00:00","description":"A Ascensors Ruiz dissenyem i fabriquem tot tipus de minicàrregues segons les característiques exigides pels nostres clients","breadcrumb":{"@id":"https://ascensoresruiz.net/val/minicarregues/#breadcrumb"},"inLanguage":"es","potentialAction":[{"@type":"ReadAction","target":["https://ascensoresruiz.net/val/minicarregues/"]}]},{"@type":"ImageObject","inLanguage":"es","@id":"https://ascensoresruiz.net/val/minicarregues/#primaryimage","url":"https://ascensoresruiz.net/val/wp-content/uploads/2024/02/minicarregues_ascensores_ruiz.jpg","contentUrl":"https://ascensoresruiz.net/val/wp-content/uploads/2024/02/minicarregues_ascensores_ruiz.jpg","width":400,"height":450,"caption":"minicarregues ascensores ruiz"},{"@type":"BreadcrumbList","@id":"https://ascensoresruiz.net/val/minicarregues/#breadcrumb","itemListElement":[{"@type":"ListItem","position":1,"name":"Home","item":"https://ascensoresruiz.net/val/"},{"@type":"ListItem","position":2,"name":"Minicarregues"}]},{"@type":"WebSite","@id":"https://ascensoresruiz.net/val/#website","url":"https://ascensoresruiz.net/val/","name":"Ascensores Ruiz","description":"Més de 100 anys treballant amb ascensors a València","publisher":{"@id":"https://ascensoresruiz.net/val/#organization"},"alternateName":"Ascensores Ruiz","potentialAction":[{"@type":"SearchAction","target":{"@type":"EntryPoint","urlTemplate":"https://ascensoresruiz.net/val/?s={search_term_string}"},"query-input":{"@type":"PropertyValueSpecification","valueRequired":true,"valueName":"search_term_string"}}],"inLanguage":"es"},{"@type":"Organization","@id":"https://ascensoresruiz.net/val/#organization","name":"Ascensores Ruiz","alternateName":"Ascensores Ruiz","url":"https://ascensoresruiz.net/val/","logo":{"@type":"ImageObject","inLanguage":"es","@id":"https://ascensoresruiz.net/val/#/schema/logo/image/","url":"https://ascensoresruiz.net/val/wp-content/uploads/2025/12/ascensores_ruiz_net_logo.webp","contentUrl":"https://ascensoresruiz.net/val/wp-content/uploads/2025/12/ascensores_ruiz_net_logo.webp","width":125,"height":163,"caption":"Ascensores Ruiz"},"image":{"@id":"https://ascensoresruiz.net/val/#/schema/logo/image/"},"sameAs":["https://www.facebook.com/pages/Ascensores-Ruiz/575215262553822?ref=hl","https://www.linkedin.com/company/ascensores-valencia-ruiz/"]}]}</script>
<!-- / Yoast SEO plugin. -->

A Ascensors Ruiz dissenyem i fabriquem tot tipus de minicàrregues segons les característiques exigides pels nostres clients

Més de 100 anys treballant amb ascensors a València
