{"id":465,"date":"2014-03-04T19:18:18","date_gmt":"2014-03-04T19:18:18","guid":{"rendered":"https:\/\/ascensoresruiz.net\/?page_id=465"},"modified":"2022-11-21T12:29:59","modified_gmt":"2022-11-21T12:29:59","slug":"plataformes-elevadores","status":"publish","type":"page","link":"https:\/\/ascensoresruiz.net\/val\/plataformes-elevadores\/","title":{"rendered":"Plataformes elevadores"},"content":{"rendered":"<div id=\"margen\"><img loading=\"lazy\" decoding=\"async\" style=\"padding:20px;\" class=\"alignleft size-full wp-image-600\" src=\"https:\/\/ascensoresruiz.net\/val\/wp-content\/uploads\/2014\/03\/plataforma-elevadora-en-Valencia1.jpg\" alt=\"plataforma elevadora a Valencia\" width=\"210\" height=\"470\" srcset=\"https:\/\/ascensoresruiz.net\/val\/wp-content\/uploads\/2014\/03\/plataforma-elevadora-en-Valencia1.jpg 210w, https:\/\/ascensoresruiz.net\/val\/wp-content\/uploads\/2014\/03\/plataforma-elevadora-en-Valencia1-134x300.jpg 134w\" sizes=\"auto, (max-width: 210px) 100vw, 210px\" \/><\/div>\n<h1>Plataformes elevadores<\/h1>\n<p>Una <b>plataforma elevadora<\/b> \u00e9s un dispositiu d&#8217;instal\u00b7laci\u00f3 fixa dissenyat i fabricat de manera exclusiva per transportar verticalment qualsevol tipus de c\u00e0rrega. Per suposat, \u00e9s un aparell que compta amb totes les mesures de seguretat exposades per la normativa corresponent.<\/p>\n<p>Segurament pensen que aquests elevadors nom\u00e9s es poden utilitzar en \u00e0mbits comercials i industrials. Res m\u00e9s lluny. Encara que s\u00ed que \u00e9s cert que \u00e9s en aquests sectors on les <b>plataformes elevadores<\/b> tenen m\u00e9s demanda, tamb\u00e9 s\u00f3n molt apreciades pel m\u00f3n de l&#8217;espectacle. Estem parlant, per exemple, de teatres, on aquestes plataformes poden carregar f\u00e0cilment amb pesos que van des d&#8217;uns quants quilos fins a m\u00e9s de quaranta tones, cosa que fa possible la seva integraci\u00f3 en projectes d&#8217;escenaris m\u00f2bils.<\/p>\n<p>Els avantatges que suposen aquests elevadors s\u00f3n, per tant, evidents, dotant qualsevol equip de treball de factors clau com agilitat, rapidesa i efic\u00e0cia. A m\u00e9s, en transportar la c\u00e0rrega en vertical l&#8217;espai que necessitem per muntar-lo \u00e9s m\u00ednim.<\/p>\n<p>Com sempre, a Ascensors Ruiz comptem amb una \u00e0mplia selecci\u00f3 de <b>plataformes elevadores a Val\u00e8ncia<\/b>. A m\u00e9s, i igual que fem amb la resta dels nostres productes especials com els minic\u00e0rregues o els pujaescales, <b>adaptem les prestacions i caracter\u00edstiques del dispositiu a les necessitats espec\u00edfiques de cada client.<\/b><\/p>\n<p><b>Per Ascensors Ruiz no hi ha res m\u00e9s important que la satisfacci\u00f3 dels nostres clients i la qualitat dels nostres productes<\/b>. Per aix\u00f2 li donem un tracte personalitzat destinat a proporcionar exactament all\u00f2 que busca i dissenyem i fabriquem els nostres elevadors amb els materials que compleixin amb les certificacions de qualitat vigents i els dispositius de la m\u00e9s avan\u00e7ada tecnologia que nosaltres mateixos desenvolupem.<\/p>\n","protected":false},"excerpt":{"rendered":"<p>Plataformes elevadores Una plataforma elevadora \u00e9s un dispositiu d&#8217;instal\u00b7laci\u00f3 fixa dissenyat i fabricat de manera exclusiva per transportar verticalment qualsevol tipus de c\u00e0rrega. Per suposat, \u00e9s un aparell que compta amb totes les mesures de seguretat exposades per la normativa corresponent. Segurament pensen que aquests elevadors nom\u00e9s es poden utilitzar en \u00e0mbits comercials i industrials. [&hellip;]<\/p>\n","protected":false},"author":1,"featured_media":0,"parent":0,"menu_order":0,"comment_status":"closed","ping_status":"open","template":"","meta":{"_bbp_topic_count":0,"_bbp_reply_count":0,"_bbp_total_topic_count":0,"_bbp_total_reply_count":0,"_bbp_voice_count":0,"_bbp_anonymous_reply_count":0,"_bbp_topic_count_hidden":0,"_bbp_reply_count_hidden":0,"_bbp_forum_subforum_count":0,"footnotes":""},"class_list":["post-465","page","type-page","status-publish","hentry"],"yoast_head":"<!-- This site is optimized with the Yoast SEO plugin v27.5 - https:\/\/yoast.com\/product\/yoast-seo-wordpress\/ -->\n<title>Plataformes elevadores a Val\u00e8ncia<\/title>\n<meta name=\"description\" content=\"Una plataforma elevadora \u00e9s un dispositiu d&#039;instal\u00b7laci\u00f3 fixa dissenyat i fabricat per transportar verticalment qualsevol tipus de c\u00e0rrega\" \/>\n<meta name=\"robots\" content=\"index, follow, max-snippet:-1, max-image-preview:large, max-video-preview:-1\" \/>\n<link rel=\"canonical\" href=\"https:\/\/ascensoresruiz.net\/val\/plataformes-elevadores\/\" \/>\n<meta property=\"og:locale\" content=\"es_ES\" \/>\n<meta property=\"og:type\" content=\"article\" \/>\n<meta property=\"og:title\" content=\"Plataformes elevadores a Val\u00e8ncia\" \/>\n<meta property=\"og:description\" content=\"Una plataforma elevadora \u00e9s un dispositiu d&#039;instal\u00b7laci\u00f3 fixa dissenyat i fabricat per transportar verticalment qualsevol tipus de c\u00e0rrega\" \/>\n<meta property=\"og:url\" content=\"https:\/\/ascensoresruiz.net\/val\/plataformes-elevadores\/\" \/>\n<meta property=\"og:site_name\" content=\"Ascensores Ruiz\" \/>\n<meta property=\"article:publisher\" content=\"https:\/\/www.facebook.com\/pages\/Ascensores-Ruiz\/575215262553822?ref=hl\" \/>\n<meta property=\"article:modified_time\" content=\"2022-11-21T12:29:59+00:00\" \/>\n<meta property=\"og:image\" content=\"https:\/\/ascensoresruiz.net\/val\/wp-content\/uploads\/2014\/03\/plataforma-elevadora-en-Valencia1.jpg\" \/>\n\t<meta property=\"og:image:width\" content=\"210\" \/>\n\t<meta property=\"og:image:height\" content=\"470\" \/>\n\t<meta property=\"og:image:type\" content=\"image\/jpeg\" \/>\n<meta name=\"twitter:label1\" content=\"Tiempo de lectura\" \/>\n\t<meta name=\"twitter:data1\" content=\"1 minuto\" \/>\n<script type=\"application\/ld+json\" class=\"yoast-schema-graph\">{\"@context\":\"https:\\\/\\\/schema.org\",\"@graph\":[{\"@type\":\"WebPage\",\"@id\":\"https:\\\/\\\/ascensoresruiz.net\\\/val\\\/plataformes-elevadores\\\/\",\"url\":\"https:\\\/\\\/ascensoresruiz.net\\\/val\\\/plataformes-elevadores\\\/\",\"name\":\"Plataformes elevadores a Val\u00e8ncia\",\"isPartOf\":{\"@id\":\"https:\\\/\\\/ascensoresruiz.net\\\/val\\\/#website\"},\"primaryImageOfPage\":{\"@id\":\"https:\\\/\\\/ascensoresruiz.net\\\/val\\\/plataformes-elevadores\\\/#primaryimage\"},\"image\":{\"@id\":\"https:\\\/\\\/ascensoresruiz.net\\\/val\\\/plataformes-elevadores\\\/#primaryimage\"},\"thumbnailUrl\":\"https:\\\/\\\/ascensoresruiz.net\\\/val\\\/wp-content\\\/uploads\\\/2014\\\/03\\\/plataforma-elevadora-en-Valencia1.jpg\",\"datePublished\":\"2014-03-04T19:18:18+00:00\",\"dateModified\":\"2022-11-21T12:29:59+00:00\",\"description\":\"Una plataforma elevadora \u00e9s un dispositiu d'instal\u00b7laci\u00f3 fixa dissenyat i fabricat per transportar verticalment qualsevol tipus de c\u00e0rrega\",\"breadcrumb\":{\"@id\":\"https:\\\/\\\/ascensoresruiz.net\\\/val\\\/plataformes-elevadores\\\/#breadcrumb\"},\"inLanguage\":\"es\",\"potentialAction\":[{\"@type\":\"ReadAction\",\"target\":[\"https:\\\/\\\/ascensoresruiz.net\\\/val\\\/plataformes-elevadores\\\/\"]}]},{\"@type\":\"ImageObject\",\"inLanguage\":\"es\",\"@id\":\"https:\\\/\\\/ascensoresruiz.net\\\/val\\\/plataformes-elevadores\\\/#primaryimage\",\"url\":\"https:\\\/\\\/ascensoresruiz.net\\\/val\\\/wp-content\\\/uploads\\\/2014\\\/03\\\/plataforma-elevadora-en-Valencia1.jpg\",\"contentUrl\":\"https:\\\/\\\/ascensoresruiz.net\\\/val\\\/wp-content\\\/uploads\\\/2014\\\/03\\\/plataforma-elevadora-en-Valencia1.jpg\",\"width\":210,\"height\":470},{\"@type\":\"BreadcrumbList\",\"@id\":\"https:\\\/\\\/ascensoresruiz.net\\\/val\\\/plataformes-elevadores\\\/#breadcrumb\",\"itemListElement\":[{\"@type\":\"ListItem\",\"position\":1,\"name\":\"Home\",\"item\":\"https:\\\/\\\/ascensoresruiz.net\\\/val\\\/\"},{\"@type\":\"ListItem\",\"position\":2,\"name\":\"Plataformes elevadores\"}]},{\"@type\":\"WebSite\",\"@id\":\"https:\\\/\\\/ascensoresruiz.net\\\/val\\\/#website\",\"url\":\"https:\\\/\\\/ascensoresruiz.net\\\/val\\\/\",\"name\":\"Ascensores Ruiz\",\"description\":\"M\u00e9s de 100 anys treballant amb ascensors a Val\u00e8ncia\",\"publisher\":{\"@id\":\"https:\\\/\\\/ascensoresruiz.net\\\/val\\\/#organization\"},\"alternateName\":\"Ascensores Ruiz\",\"potentialAction\":[{\"@type\":\"SearchAction\",\"target\":{\"@type\":\"EntryPoint\",\"urlTemplate\":\"https:\\\/\\\/ascensoresruiz.net\\\/val\\\/?s={search_term_string}\"},\"query-input\":{\"@type\":\"PropertyValueSpecification\",\"valueRequired\":true,\"valueName\":\"search_term_string\"}}],\"inLanguage\":\"es\"},{\"@type\":\"Organization\",\"@id\":\"https:\\\/\\\/ascensoresruiz.net\\\/val\\\/#organization\",\"name\":\"Ascensores Ruiz\",\"alternateName\":\"Ascensores Ruiz\",\"url\":\"https:\\\/\\\/ascensoresruiz.net\\\/val\\\/\",\"logo\":{\"@type\":\"ImageObject\",\"inLanguage\":\"es\",\"@id\":\"https:\\\/\\\/ascensoresruiz.net\\\/val\\\/#\\\/schema\\\/logo\\\/image\\\/\",\"url\":\"https:\\\/\\\/ascensoresruiz.net\\\/val\\\/wp-content\\\/uploads\\\/2025\\\/12\\\/ascensores_ruiz_net_logo.webp\",\"contentUrl\":\"https:\\\/\\\/ascensoresruiz.net\\\/val\\\/wp-content\\\/uploads\\\/2025\\\/12\\\/ascensores_ruiz_net_logo.webp\",\"width\":125,\"height\":163,\"caption\":\"Ascensores Ruiz\"},\"image\":{\"@id\":\"https:\\\/\\\/ascensoresruiz.net\\\/val\\\/#\\\/schema\\\/logo\\\/image\\\/\"},\"sameAs\":[\"https:\\\/\\\/www.facebook.com\\\/pages\\\/Ascensores-Ruiz\\\/575215262553822?ref=hl\",\"https:\\\/\\\/www.linkedin.com\\\/company\\\/ascensores-valencia-ruiz\\\/\"]}]}<\/script>\n<!-- \/ Yoast SEO plugin. -->","yoast_head_json":{"title":"Plataformes elevadores a Val\u00e8ncia","description":"Una plataforma elevadora \u00e9s un dispositiu d'instal\u00b7laci\u00f3 fixa dissenyat i fabricat per transportar verticalment qualsevol tipus de c\u00e0rrega","robots":{"index":"index","follow":"follow","max-snippet":"max-snippet:-1","max-image-preview":"max-image-preview:large","max-video-preview":"max-video-preview:-1"},"canonical":"https:\/\/ascensoresruiz.net\/val\/plataformes-elevadores\/","og_locale":"es_ES","og_type":"article","og_title":"Plataformes elevadores a Val\u00e8ncia","og_description":"Una plataforma elevadora \u00e9s un dispositiu d'instal\u00b7laci\u00f3 fixa dissenyat i fabricat per transportar verticalment qualsevol tipus de c\u00e0rrega","og_url":"https:\/\/ascensoresruiz.net\/val\/plataformes-elevadores\/","og_site_name":"Ascensores Ruiz","article_publisher":"https:\/\/www.facebook.com\/pages\/Ascensores-Ruiz\/575215262553822?ref=hl","article_modified_time":"2022-11-21T12:29:59+00:00","og_image":[{"width":210,"height":470,"url":"https:\/\/ascensoresruiz.net\/val\/wp-content\/uploads\/2014\/03\/plataforma-elevadora-en-Valencia1.jpg","type":"image\/jpeg"}],"twitter_misc":{"Tiempo de lectura":"1 minuto"},"schema":{"@context":"https:\/\/schema.org","@graph":[{"@type":"WebPage","@id":"https:\/\/ascensoresruiz.net\/val\/plataformes-elevadores\/","url":"https:\/\/ascensoresruiz.net\/val\/plataformes-elevadores\/","name":"Plataformes elevadores a Val\u00e8ncia","isPartOf":{"@id":"https:\/\/ascensoresruiz.net\/val\/#website"},"primaryImageOfPage":{"@id":"https:\/\/ascensoresruiz.net\/val\/plataformes-elevadores\/#primaryimage"},"image":{"@id":"https:\/\/ascensoresruiz.net\/val\/plataformes-elevadores\/#primaryimage"},"thumbnailUrl":"https:\/\/ascensoresruiz.net\/val\/wp-content\/uploads\/2014\/03\/plataforma-elevadora-en-Valencia1.jpg","datePublished":"2014-03-04T19:18:18+00:00","dateModified":"2022-11-21T12:29:59+00:00","description":"Una plataforma elevadora \u00e9s un dispositiu d'instal\u00b7laci\u00f3 fixa dissenyat i fabricat per transportar verticalment qualsevol tipus de c\u00e0rrega","breadcrumb":{"@id":"https:\/\/ascensoresruiz.net\/val\/plataformes-elevadores\/#breadcrumb"},"inLanguage":"es","potentialAction":[{"@type":"ReadAction","target":["https:\/\/ascensoresruiz.net\/val\/plataformes-elevadores\/"]}]},{"@type":"ImageObject","inLanguage":"es","@id":"https:\/\/ascensoresruiz.net\/val\/plataformes-elevadores\/#primaryimage","url":"https:\/\/ascensoresruiz.net\/val\/wp-content\/uploads\/2014\/03\/plataforma-elevadora-en-Valencia1.jpg","contentUrl":"https:\/\/ascensoresruiz.net\/val\/wp-content\/uploads\/2014\/03\/plataforma-elevadora-en-Valencia1.jpg","width":210,"height":470},{"@type":"BreadcrumbList","@id":"https:\/\/ascensoresruiz.net\/val\/plataformes-elevadores\/#breadcrumb","itemListElement":[{"@type":"ListItem","position":1,"name":"Home","item":"https:\/\/ascensoresruiz.net\/val\/"},{"@type":"ListItem","position":2,"name":"Plataformes elevadores"}]},{"@type":"WebSite","@id":"https:\/\/ascensoresruiz.net\/val\/#website","url":"https:\/\/ascensoresruiz.net\/val\/","name":"Ascensores Ruiz","description":"M\u00e9s de 100 anys treballant amb ascensors a Val\u00e8ncia","publisher":{"@id":"https:\/\/ascensoresruiz.net\/val\/#organization"},"alternateName":"Ascensores Ruiz","potentialAction":[{"@type":"SearchAction","target":{"@type":"EntryPoint","urlTemplate":"https:\/\/ascensoresruiz.net\/val\/?s={search_term_string}"},"query-input":{"@type":"PropertyValueSpecification","valueRequired":true,"valueName":"search_term_string"}}],"inLanguage":"es"},{"@type":"Organization","@id":"https:\/\/ascensoresruiz.net\/val\/#organization","name":"Ascensores Ruiz","alternateName":"Ascensores Ruiz","url":"https:\/\/ascensoresruiz.net\/val\/","logo":{"@type":"ImageObject","inLanguage":"es","@id":"https:\/\/ascensoresruiz.net\/val\/#\/schema\/logo\/image\/","url":"https:\/\/ascensoresruiz.net\/val\/wp-content\/uploads\/2025\/12\/ascensores_ruiz_net_logo.webp","contentUrl":"https:\/\/ascensoresruiz.net\/val\/wp-content\/uploads\/2025\/12\/ascensores_ruiz_net_logo.webp","width":125,"height":163,"caption":"Ascensores Ruiz"},"image":{"@id":"https:\/\/ascensoresruiz.net\/val\/#\/schema\/logo\/image\/"},"sameAs":["https:\/\/www.facebook.com\/pages\/Ascensores-Ruiz\/575215262553822?ref=hl","https:\/\/www.linkedin.com\/company\/ascensores-valencia-ruiz\/"]}]}},"_links":{"self":[{"href":"https:\/\/ascensoresruiz.net\/val\/wp-json\/wp\/v2\/pages\/465","targetHints":{"allow":["GET"]}}],"collection":[{"href":"https:\/\/ascensoresruiz.net\/val\/wp-json\/wp\/v2\/pages"}],"about":[{"href":"https:\/\/ascensoresruiz.net\/val\/wp-json\/wp\/v2\/types\/page"}],"author":[{"embeddable":true,"href":"https:\/\/ascensoresruiz.net\/val\/wp-json\/wp\/v2\/users\/1"}],"replies":[{"embeddable":true,"href":"https:\/\/ascensoresruiz.net\/val\/wp-json\/wp\/v2\/comments?post=465"}],"version-history":[{"count":9,"href":"https:\/\/ascensoresruiz.net\/val\/wp-json\/wp\/v2\/pages\/465\/revisions"}],"predecessor-version":[{"id":963,"href":"https:\/\/ascensoresruiz.net\/val\/wp-json\/wp\/v2\/pages\/465\/revisions\/963"}],"wp:attachment":[{"href":"https:\/\/ascensoresruiz.net\/val\/wp-json\/wp\/v2\/media?parent=465"}],"curies":[{"name":"wp","href":"https:\/\/api.w.org\/{rel}","templated":true}]}}