{"id":588,"date":"2014-06-02T11:59:14","date_gmt":"2014-06-02T11:59:14","guid":{"rendered":"https:\/\/ascensoresruiz.net\/?page_id=588"},"modified":"2022-11-21T12:10:45","modified_gmt":"2022-11-21T12:10:45","slug":"manteniment-ascensors-alacant","status":"publish","type":"page","link":"https:\/\/ascensoresruiz.net\/val\/manteniment-ascensors-alacant\/","title":{"rendered":"Manteniment Alacant"},"content":{"rendered":"<h1>Manteniment ascensors Alacant<\/h1>\n<p>El manteniment d&#8217;ascensors \u00e9s una tasca que nom\u00e9s \u00e9s \u00fatil si es deixa en mans d&#8217;una empresa que compleixi totes les garanties. Sabia que utilitzar recanvis no originals escur\u00e7a la vida del seu ascensor? A Ascensors Ruiz nom\u00e9s utilitzem recanvis originals. A m\u00e9s, som fabricants de maniobres i automatismes propis, per la qual cosa us garantim la immediatesa de les nostres reparacions. Tamb\u00e9 disposem de tots els certificats europeus de qualitat que garanteixen el nostre servei.<\/p>\n<p>La nostra companyia s&#8217;encarrega de fer el manteniment d&#8217;ascensors a Alacant, Castell\u00f3 i Val\u00e8ncia. Estem a la vostra disposici\u00f3 les 24 hores els 365 dies a l&#8217;any. La nostra tasca es caracteritza per ser tant preventiva com a correctiva. Aix\u00ed, no nom\u00e9s ens encarregarem de donar soluci\u00f3 a qualsevol incid\u00e8ncia que pugui sorgir i comprometre el funcionament del seu ascensor, sin\u00f3 que a m\u00e9s, gr\u00e0cies a les revisions rutin\u00e0ries que els nostres professionals s&#8217;ocuparan de fer de manera peri\u00f2dica, podrem prevenir l&#8217;aparici\u00f3 de qualsevol avaria i garantir el funcionament correcte del seu elevador.<\/p>\n<p>Per descomptat, aquestes tasques de manteniment preventiu i correctiu estan destinades a tots els nostres elevadors d&#8217;Alacant, ja sigui home lifts, cadires salvaescales, <a href=\"\/val\/panoramics\/\">ascensors panor\u00e0mics<\/a> d&#8217;edificis p\u00fablics, elevadors de comunitats de propietaris, plataformes elevadores per a minusv\u00e0lids o b\u00e9 de plataformes m\u00e9s aviat destinades al transport de c\u00e0rregues com ara els elevadors de cotxes, les minic\u00e0rregues o els muntac\u00e0rregues.<\/p>\n<p>A Ascensors Ruiz fa m\u00e9s de cent anys que treballem per a la seva satisfacci\u00f3 i seguretat. <b>Combinem una dilatada experi\u00e8ncia en el sector amb un gran esperit investigador<\/b> que ens ha portat a ser considerats com una de les empreses m\u00e9s capdavanteres pel que fa a noves tecnologies. Aix\u00ed, la professionalitat i cont\u00ednua formaci\u00f3 dels nostres t\u00e8cnics juntament amb les innovacions desenvolupades pel nostre departament d&#8217;R+D ens han fet valedors d&#8217;un renom que de manera inherent va unit a termes com ara confian\u00e7a, fiabilitat, servei i seguretat.<\/p>\n<p>La nostra constant, l&#8217;evoluci\u00f3. El nostre objectiu, la satisfacci\u00f3 del client.<\/p>\n","protected":false},"excerpt":{"rendered":"<p>Manteniment ascensors Alacant El manteniment d&#8217;ascensors \u00e9s una tasca que nom\u00e9s \u00e9s \u00fatil si es deixa en mans d&#8217;una empresa que compleixi totes les garanties. Sabia que utilitzar recanvis no originals escur\u00e7a la vida del seu ascensor? A Ascensors Ruiz nom\u00e9s utilitzem recanvis originals. A m\u00e9s, som fabricants de maniobres i automatismes propis, per la [&hellip;]<\/p>\n","protected":false},"author":1,"featured_media":0,"parent":0,"menu_order":0,"comment_status":"closed","ping_status":"open","template":"","meta":{"_bbp_topic_count":0,"_bbp_reply_count":0,"_bbp_total_topic_count":0,"_bbp_total_reply_count":0,"_bbp_voice_count":0,"_bbp_anonymous_reply_count":0,"_bbp_topic_count_hidden":0,"_bbp_reply_count_hidden":0,"_bbp_forum_subforum_count":0,"footnotes":""},"class_list":["post-588","page","type-page","status-publish","hentry"],"yoast_head":"<!-- This site is optimized with the Yoast SEO plugin v27.5 - https:\/\/yoast.com\/product\/yoast-seo-wordpress\/ -->\n<title>Manteniment d&#039;ascensors a Alacant<\/title>\n<meta name=\"description\" content=\"ASCENSORS RUIZ. Manteniment d&#039;ascensors a Alacant\" \/>\n<meta name=\"robots\" content=\"index, follow, max-snippet:-1, max-image-preview:large, max-video-preview:-1\" \/>\n<link rel=\"canonical\" href=\"https:\/\/ascensoresruiz.net\/val\/manteniment-ascensors-alacant\/\" \/>\n<meta property=\"og:locale\" content=\"es_ES\" \/>\n<meta property=\"og:type\" content=\"article\" \/>\n<meta property=\"og:title\" content=\"Manteniment d&#039;ascensors a Alacant\" \/>\n<meta property=\"og:description\" content=\"ASCENSORS RUIZ. Manteniment d&#039;ascensors a Alacant\" \/>\n<meta property=\"og:url\" content=\"https:\/\/ascensoresruiz.net\/val\/manteniment-ascensors-alacant\/\" \/>\n<meta property=\"og:site_name\" content=\"Ascensores Ruiz\" \/>\n<meta property=\"article:publisher\" content=\"https:\/\/www.facebook.com\/pages\/Ascensores-Ruiz\/575215262553822?ref=hl\" \/>\n<meta property=\"article:modified_time\" content=\"2022-11-21T12:10:45+00:00\" \/>\n<meta property=\"og:image\" content=\"https:\/\/ascensoresruiz.net\/val\/wp-content\/uploads\/2025\/12\/ascensores_ruiz_net_logo.webp\" \/>\n\t<meta property=\"og:image:width\" content=\"125\" \/>\n\t<meta property=\"og:image:height\" content=\"163\" \/>\n\t<meta property=\"og:image:type\" content=\"image\/webp\" \/>\n<meta name=\"twitter:label1\" content=\"Tiempo de lectura\" \/>\n\t<meta name=\"twitter:data1\" content=\"2 minutos\" \/>\n<script type=\"application\/ld+json\" class=\"yoast-schema-graph\">{\"@context\":\"https:\\\/\\\/schema.org\",\"@graph\":[{\"@type\":\"WebPage\",\"@id\":\"https:\\\/\\\/ascensoresruiz.net\\\/val\\\/manteniment-ascensors-alacant\\\/\",\"url\":\"https:\\\/\\\/ascensoresruiz.net\\\/val\\\/manteniment-ascensors-alacant\\\/\",\"name\":\"Manteniment d'ascensors a Alacant\",\"isPartOf\":{\"@id\":\"https:\\\/\\\/ascensoresruiz.net\\\/val\\\/#website\"},\"datePublished\":\"2014-06-02T11:59:14+00:00\",\"dateModified\":\"2022-11-21T12:10:45+00:00\",\"description\":\"ASCENSORS RUIZ. Manteniment d'ascensors a Alacant\",\"breadcrumb\":{\"@id\":\"https:\\\/\\\/ascensoresruiz.net\\\/val\\\/manteniment-ascensors-alacant\\\/#breadcrumb\"},\"inLanguage\":\"es\",\"potentialAction\":[{\"@type\":\"ReadAction\",\"target\":[\"https:\\\/\\\/ascensoresruiz.net\\\/val\\\/manteniment-ascensors-alacant\\\/\"]}]},{\"@type\":\"BreadcrumbList\",\"@id\":\"https:\\\/\\\/ascensoresruiz.net\\\/val\\\/manteniment-ascensors-alacant\\\/#breadcrumb\",\"itemListElement\":[{\"@type\":\"ListItem\",\"position\":1,\"name\":\"Home\",\"item\":\"https:\\\/\\\/ascensoresruiz.net\\\/val\\\/\"},{\"@type\":\"ListItem\",\"position\":2,\"name\":\"Manteniment Alacant\"}]},{\"@type\":\"WebSite\",\"@id\":\"https:\\\/\\\/ascensoresruiz.net\\\/val\\\/#website\",\"url\":\"https:\\\/\\\/ascensoresruiz.net\\\/val\\\/\",\"name\":\"Ascensores Ruiz\",\"description\":\"M\u00e9s de 100 anys treballant amb ascensors a Val\u00e8ncia\",\"publisher\":{\"@id\":\"https:\\\/\\\/ascensoresruiz.net\\\/val\\\/#organization\"},\"alternateName\":\"Ascensores Ruiz\",\"potentialAction\":[{\"@type\":\"SearchAction\",\"target\":{\"@type\":\"EntryPoint\",\"urlTemplate\":\"https:\\\/\\\/ascensoresruiz.net\\\/val\\\/?s={search_term_string}\"},\"query-input\":{\"@type\":\"PropertyValueSpecification\",\"valueRequired\":true,\"valueName\":\"search_term_string\"}}],\"inLanguage\":\"es\"},{\"@type\":\"Organization\",\"@id\":\"https:\\\/\\\/ascensoresruiz.net\\\/val\\\/#organization\",\"name\":\"Ascensores Ruiz\",\"alternateName\":\"Ascensores Ruiz\",\"url\":\"https:\\\/\\\/ascensoresruiz.net\\\/val\\\/\",\"logo\":{\"@type\":\"ImageObject\",\"inLanguage\":\"es\",\"@id\":\"https:\\\/\\\/ascensoresruiz.net\\\/val\\\/#\\\/schema\\\/logo\\\/image\\\/\",\"url\":\"https:\\\/\\\/ascensoresruiz.net\\\/val\\\/wp-content\\\/uploads\\\/2025\\\/12\\\/ascensores_ruiz_net_logo.webp\",\"contentUrl\":\"https:\\\/\\\/ascensoresruiz.net\\\/val\\\/wp-content\\\/uploads\\\/2025\\\/12\\\/ascensores_ruiz_net_logo.webp\",\"width\":125,\"height\":163,\"caption\":\"Ascensores Ruiz\"},\"image\":{\"@id\":\"https:\\\/\\\/ascensoresruiz.net\\\/val\\\/#\\\/schema\\\/logo\\\/image\\\/\"},\"sameAs\":[\"https:\\\/\\\/www.facebook.com\\\/pages\\\/Ascensores-Ruiz\\\/575215262553822?ref=hl\",\"https:\\\/\\\/www.linkedin.com\\\/company\\\/ascensores-valencia-ruiz\\\/\"]}]}<\/script>\n<!-- \/ Yoast SEO plugin. -->","yoast_head_json":{"title":"Manteniment d'ascensors a Alacant","description":"ASCENSORS RUIZ. Manteniment d'ascensors a Alacant","robots":{"index":"index","follow":"follow","max-snippet":"max-snippet:-1","max-image-preview":"max-image-preview:large","max-video-preview":"max-video-preview:-1"},"canonical":"https:\/\/ascensoresruiz.net\/val\/manteniment-ascensors-alacant\/","og_locale":"es_ES","og_type":"article","og_title":"Manteniment d'ascensors a Alacant","og_description":"ASCENSORS RUIZ. Manteniment d'ascensors a Alacant","og_url":"https:\/\/ascensoresruiz.net\/val\/manteniment-ascensors-alacant\/","og_site_name":"Ascensores Ruiz","article_publisher":"https:\/\/www.facebook.com\/pages\/Ascensores-Ruiz\/575215262553822?ref=hl","article_modified_time":"2022-11-21T12:10:45+00:00","og_image":[{"width":125,"height":163,"url":"https:\/\/ascensoresruiz.net\/val\/wp-content\/uploads\/2025\/12\/ascensores_ruiz_net_logo.webp","type":"image\/webp"}],"twitter_misc":{"Tiempo de lectura":"2 minutos"},"schema":{"@context":"https:\/\/schema.org","@graph":[{"@type":"WebPage","@id":"https:\/\/ascensoresruiz.net\/val\/manteniment-ascensors-alacant\/","url":"https:\/\/ascensoresruiz.net\/val\/manteniment-ascensors-alacant\/","name":"Manteniment d'ascensors a Alacant","isPartOf":{"@id":"https:\/\/ascensoresruiz.net\/val\/#website"},"datePublished":"2014-06-02T11:59:14+00:00","dateModified":"2022-11-21T12:10:45+00:00","description":"ASCENSORS RUIZ. Manteniment d'ascensors a Alacant","breadcrumb":{"@id":"https:\/\/ascensoresruiz.net\/val\/manteniment-ascensors-alacant\/#breadcrumb"},"inLanguage":"es","potentialAction":[{"@type":"ReadAction","target":["https:\/\/ascensoresruiz.net\/val\/manteniment-ascensors-alacant\/"]}]},{"@type":"BreadcrumbList","@id":"https:\/\/ascensoresruiz.net\/val\/manteniment-ascensors-alacant\/#breadcrumb","itemListElement":[{"@type":"ListItem","position":1,"name":"Home","item":"https:\/\/ascensoresruiz.net\/val\/"},{"@type":"ListItem","position":2,"name":"Manteniment Alacant"}]},{"@type":"WebSite","@id":"https:\/\/ascensoresruiz.net\/val\/#website","url":"https:\/\/ascensoresruiz.net\/val\/","name":"Ascensores Ruiz","description":"M\u00e9s de 100 anys treballant amb ascensors a Val\u00e8ncia","publisher":{"@id":"https:\/\/ascensoresruiz.net\/val\/#organization"},"alternateName":"Ascensores Ruiz","potentialAction":[{"@type":"SearchAction","target":{"@type":"EntryPoint","urlTemplate":"https:\/\/ascensoresruiz.net\/val\/?s={search_term_string}"},"query-input":{"@type":"PropertyValueSpecification","valueRequired":true,"valueName":"search_term_string"}}],"inLanguage":"es"},{"@type":"Organization","@id":"https:\/\/ascensoresruiz.net\/val\/#organization","name":"Ascensores Ruiz","alternateName":"Ascensores Ruiz","url":"https:\/\/ascensoresruiz.net\/val\/","logo":{"@type":"ImageObject","inLanguage":"es","@id":"https:\/\/ascensoresruiz.net\/val\/#\/schema\/logo\/image\/","url":"https:\/\/ascensoresruiz.net\/val\/wp-content\/uploads\/2025\/12\/ascensores_ruiz_net_logo.webp","contentUrl":"https:\/\/ascensoresruiz.net\/val\/wp-content\/uploads\/2025\/12\/ascensores_ruiz_net_logo.webp","width":125,"height":163,"caption":"Ascensores Ruiz"},"image":{"@id":"https:\/\/ascensoresruiz.net\/val\/#\/schema\/logo\/image\/"},"sameAs":["https:\/\/www.facebook.com\/pages\/Ascensores-Ruiz\/575215262553822?ref=hl","https:\/\/www.linkedin.com\/company\/ascensores-valencia-ruiz\/"]}]}},"_links":{"self":[{"href":"https:\/\/ascensoresruiz.net\/val\/wp-json\/wp\/v2\/pages\/588","targetHints":{"allow":["GET"]}}],"collection":[{"href":"https:\/\/ascensoresruiz.net\/val\/wp-json\/wp\/v2\/pages"}],"about":[{"href":"https:\/\/ascensoresruiz.net\/val\/wp-json\/wp\/v2\/types\/page"}],"author":[{"embeddable":true,"href":"https:\/\/ascensoresruiz.net\/val\/wp-json\/wp\/v2\/users\/1"}],"replies":[{"embeddable":true,"href":"https:\/\/ascensoresruiz.net\/val\/wp-json\/wp\/v2\/comments?post=588"}],"version-history":[{"count":4,"href":"https:\/\/ascensoresruiz.net\/val\/wp-json\/wp\/v2\/pages\/588\/revisions"}],"predecessor-version":[{"id":953,"href":"https:\/\/ascensoresruiz.net\/val\/wp-json\/wp\/v2\/pages\/588\/revisions\/953"}],"wp:attachment":[{"href":"https:\/\/ascensoresruiz.net\/val\/wp-json\/wp\/v2\/media?parent=588"}],"curies":[{"name":"wp","href":"https:\/\/api.w.org\/{rel}","templated":true}]}}